{"id":1046,"date":"2018-02-08T20:06:20","date_gmt":"2018-02-08T19:06:20","guid":{"rendered":"http:\/\/kralovany.ecavlos.sk\/?page_id=1046"},"modified":"2018-02-08T20:06:20","modified_gmt":"2018-02-08T19:06:20","slug":"vianocna-akademia-2017","status":"publish","type":"page","link":"https:\/\/kralovany.ecavlos.sk\/?page_id=1046","title":{"rendered":"Viano\u010dn\u00e1 akad\u00e9mia 2017"},"content":{"rendered":"<p><span style=\"color: #000000;\">Na prv\u00fa sl\u00e1vnos\u0165 viano\u010dn\u00fa, 25. decembra, sa v chr\u00e1me Bo\u017eom konala viano\u010dn\u00e1 akad\u00e9mia, na ktorej deti, dorast, ml\u00e1de\u017e i dospel\u00ed \u010fakovali nebesk\u00e9mu Darcovi za ten naj\u00fa\u017easnej\u0161\u00ed dar Vianoc &#8211; n\u00e1\u0161ho Spasite\u013ea.<\/span><\/p>\n<p><img loading=\"lazy\" decoding=\"async\" class=\"alignnone size-medium wp-image-1047\" src=\"http:\/\/kralovany.ecavlos.sk\/wp-content\/uploads\/2018\/02\/DSC_9740-300x199.jpg\" alt=\"\" width=\"300\" height=\"199\" srcset=\"https:\/\/kralovany.ecavlos.sk\/wp-content\/uploads\/2018\/02\/DSC_9740-300x199.jpg 300w, https:\/\/kralovany.ecavlos.sk\/wp-content\/uploads\/2018\/02\/DSC_9740-768x509.jpg 768w, https:\/\/kralovany.ecavlos.sk\/wp-content\/uploads\/2018\/02\/DSC_9740-1024x678.jpg 1024w\" sizes=\"(max-width: 300px) 100vw, 300px\" \/>\u00a0\u00a0 <img loading=\"lazy\" decoding=\"async\" class=\"alignnone size-medium wp-image-1048\" src=\"http:\/\/kralovany.ecavlos.sk\/wp-content\/uploads\/2018\/02\/DSC_9743-200x300.jpg\" alt=\"\" width=\"200\" height=\"300\" srcset=\"https:\/\/kralovany.ecavlos.sk\/wp-content\/uploads\/2018\/02\/DSC_9743-200x300.jpg 200w, https:\/\/kralovany.ecavlos.sk\/wp-content\/uploads\/2018\/02\/DSC_9743-768x1153.jpg 768w, https:\/\/kralovany.ecavlos.sk\/wp-content\/uploads\/2018\/02\/DSC_9743-682x1024.jpg 682w\" sizes=\"(max-width: 200px) 100vw, 200px\" \/>\u00a0\u00a0 <img loading=\"lazy\" decoding=\"async\" class=\"alignnone size-medium wp-image-1049\" src=\"http:\/\/kralovany.ecavlos.sk\/wp-content\/uploads\/2018\/02\/DSC_9745-300x199.jpg\" alt=\"\" width=\"300\" height=\"199\" srcset=\"https:\/\/kralovany.ecavlos.sk\/wp-content\/uploads\/2018\/02\/DSC_9745-300x199.jpg 300w, https:\/\/kralovany.ecavlos.sk\/wp-content\/uploads\/2018\/02\/DSC_9745-768x509.jpg 768w, https:\/\/kralovany.ecavlos.sk\/wp-content\/uploads\/2018\/02\/DSC_9745-1024x678.jpg 1024w\" sizes=\"(max-width: 300px) 100vw, 300px\" \/>\u00a0\u00a0 <img loading=\"lazy\" decoding=\"async\" class=\"alignnone size-medium wp-image-1050\" src=\"http:\/\/kralovany.ecavlos.sk\/wp-content\/uploads\/2018\/02\/DSC_9750-300x200.jpg\" alt=\"\" width=\"300\" height=\"200\" srcset=\"https:\/\/kralovany.ecavlos.sk\/wp-content\/uploads\/2018\/02\/DSC_9750-300x200.jpg 300w, https:\/\/kralovany.ecavlos.sk\/wp-content\/uploads\/2018\/02\/DSC_9750-768x513.jpg 768w, https:\/\/kralovany.ecavlos.sk\/wp-content\/uploads\/2018\/02\/DSC_9750-1024x684.jpg 1024w\" sizes=\"(max-width: 300px) 100vw, 300px\" \/> \u00a0\u00a0 <img loading=\"lazy\" decoding=\"async\" class=\"alignnone size-medium wp-image-1051\" src=\"http:\/\/kralovany.ecavlos.sk\/wp-content\/uploads\/2018\/02\/DSC_9751-200x300.jpg\" alt=\"\" width=\"200\" height=\"300\" srcset=\"https:\/\/kralovany.ecavlos.sk\/wp-content\/uploads\/2018\/02\/DSC_9751-200x300.jpg 200w, https:\/\/kralovany.ecavlos.sk\/wp-content\/uploads\/2018\/02\/DSC_9751-768x1152.jpg 768w, https:\/\/kralovany.ecavlos.sk\/wp-content\/uploads\/2018\/02\/DSC_9751-683x1024.jpg 683w\" sizes=\"(max-width: 200px) 100vw, 200px\" \/>\u00a0\u00a0 <img loading=\"lazy\" decoding=\"async\" class=\"alignnone size-medium wp-image-1052\" src=\"http:\/\/kralovany.ecavlos.sk\/wp-content\/uploads\/2018\/02\/DSC_9754-300x199.jpg\" alt=\"\" width=\"300\" height=\"199\" srcset=\"https:\/\/kralovany.ecavlos.sk\/wp-content\/uploads\/2018\/02\/DSC_9754-300x199.jpg 300w, https:\/\/kralovany.ecavlos.sk\/wp-content\/uploads\/2018\/02\/DSC_9754-768x509.jpg 768w, https:\/\/kralovany.ecavlos.sk\/wp-content\/uploads\/2018\/02\/DSC_9754-1024x678.jpg 1024w\" sizes=\"(max-width: 300px) 100vw, 300px\" \/>\u00a0\u00a0 <img loading=\"lazy\" decoding=\"async\" class=\"alignnone size-medium wp-image-1053\" src=\"http:\/\/kralovany.ecavlos.sk\/wp-content\/uploads\/2018\/02\/DSC_9757-300x199.jpg\" alt=\"\" width=\"300\" height=\"199\" srcset=\"https:\/\/kralovany.ecavlos.sk\/wp-content\/uploads\/2018\/02\/DSC_9757-300x199.jpg 300w, https:\/\/kralovany.ecavlos.sk\/wp-content\/uploads\/2018\/02\/DSC_9757-768x509.jpg 768w, https:\/\/kralovany.ecavlos.sk\/wp-content\/uploads\/2018\/02\/DSC_9757-1024x678.jpg 1024w\" sizes=\"(max-width: 300px) 100vw, 300px\" \/>\u00a0\u00a0 <img loading=\"lazy\" decoding=\"async\" class=\"alignnone size-medium wp-image-1054\" src=\"http:\/\/kralovany.ecavlos.sk\/wp-content\/uploads\/2018\/02\/DSC_9759-300x199.jpg\" alt=\"\" width=\"300\" height=\"199\" srcset=\"https:\/\/kralovany.ecavlos.sk\/wp-content\/uploads\/2018\/02\/DSC_9759-300x199.jpg 300w, https:\/\/kralovany.ecavlos.sk\/wp-content\/uploads\/2018\/02\/DSC_9759-768x509.jpg 768w, https:\/\/kralovany.ecavlos.sk\/wp-content\/uploads\/2018\/02\/DSC_9759-1024x678.jpg 1024w\" sizes=\"(max-width: 300px) 100vw, 300px\" \/>\u00a0\u00a0 <img loading=\"lazy\" decoding=\"async\" class=\"alignnone size-medium wp-image-1055\" src=\"http:\/\/kralovany.ecavlos.sk\/wp-content\/uploads\/2018\/02\/DSC_9768-300x200.jpg\" alt=\"\" width=\"300\" height=\"200\" srcset=\"https:\/\/kralovany.ecavlos.sk\/wp-content\/uploads\/2018\/02\/DSC_9768-300x200.jpg 300w, https:\/\/kralovany.ecavlos.sk\/wp-content\/uploads\/2018\/02\/DSC_9768-768x512.jpg 768w, https:\/\/kralovany.ecavlos.sk\/wp-content\/uploads\/2018\/02\/DSC_9768-1024x683.jpg 1024w\" sizes=\"(max-width: 300px) 100vw, 300px\" \/>\u00a0\u00a0 <img loading=\"lazy\" decoding=\"async\" class=\"alignnone size-medium wp-image-1056\" src=\"http:\/\/kralovany.ecavlos.sk\/wp-content\/uploads\/2018\/02\/DSC_9773-200x300.jpg\" alt=\"\" width=\"200\" height=\"300\" srcset=\"https:\/\/kralovany.ecavlos.sk\/wp-content\/uploads\/2018\/02\/DSC_9773-200x300.jpg 200w, https:\/\/kralovany.ecavlos.sk\/wp-content\/uploads\/2018\/02\/DSC_9773-768x1150.jpg 768w, https:\/\/kralovany.ecavlos.sk\/wp-content\/uploads\/2018\/02\/DSC_9773-684x1024.jpg 684w\" sizes=\"(max-width: 200px) 100vw, 200px\" \/> \u00a0\u00a0 <img loading=\"lazy\" decoding=\"async\" class=\"alignnone size-medium wp-image-1057\" src=\"http:\/\/kralovany.ecavlos.sk\/wp-content\/uploads\/2018\/02\/DSC_9774-300x200.jpg\" alt=\"\" width=\"300\" height=\"200\" srcset=\"https:\/\/kralovany.ecavlos.sk\/wp-content\/uploads\/2018\/02\/DSC_9774-300x200.jpg 300w, https:\/\/kralovany.ecavlos.sk\/wp-content\/uploads\/2018\/02\/DSC_9774-768x512.jpg 768w, https:\/\/kralovany.ecavlos.sk\/wp-content\/uploads\/2018\/02\/DSC_9774-1024x683.jpg 1024w\" sizes=\"(max-width: 300px) 100vw, 300px\" \/> \u00a0\u00a0 <img loading=\"lazy\" decoding=\"async\" class=\"alignnone size-medium wp-image-1058\" src=\"http:\/\/kralovany.ecavlos.sk\/wp-content\/uploads\/2018\/02\/DSC_9776-201x300.jpg\" alt=\"\" width=\"201\" height=\"300\" srcset=\"https:\/\/kralovany.ecavlos.sk\/wp-content\/uploads\/2018\/02\/DSC_9776-201x300.jpg 201w, https:\/\/kralovany.ecavlos.sk\/wp-content\/uploads\/2018\/02\/DSC_9776-768x1149.jpg 768w, https:\/\/kralovany.ecavlos.sk\/wp-content\/uploads\/2018\/02\/DSC_9776-684x1024.jpg 684w, https:\/\/kralovany.ecavlos.sk\/wp-content\/uploads\/2018\/02\/DSC_9776.jpg 1992w\" sizes=\"(max-width: 201px) 100vw, 201px\" \/> \u00a0\u00a0 <img loading=\"lazy\" decoding=\"async\" class=\"alignnone size-medium wp-image-1059\" src=\"http:\/\/kralovany.ecavlos.sk\/wp-content\/uploads\/2018\/02\/DSC_9782-300x199.jpg\" alt=\"\" width=\"300\" height=\"199\" srcset=\"https:\/\/kralovany.ecavlos.sk\/wp-content\/uploads\/2018\/02\/DSC_9782-300x199.jpg 300w, https:\/\/kralovany.ecavlos.sk\/wp-content\/uploads\/2018\/02\/DSC_9782-768x509.jpg 768w, https:\/\/kralovany.ecavlos.sk\/wp-content\/uploads\/2018\/02\/DSC_9782-1024x678.jpg 1024w\" sizes=\"(max-width: 300px) 100vw, 300px\" \/> \u00a0\u00a0 <img loading=\"lazy\" decoding=\"async\" class=\"alignnone size-medium wp-image-1060\" src=\"http:\/\/kralovany.ecavlos.sk\/wp-content\/uploads\/2018\/02\/DSC_9783-300x200.jpg\" alt=\"\" width=\"300\" height=\"200\" srcset=\"https:\/\/kralovany.ecavlos.sk\/wp-content\/uploads\/2018\/02\/DSC_9783-300x200.jpg 300w, https:\/\/kralovany.ecavlos.sk\/wp-content\/uploads\/2018\/02\/DSC_9783-768x512.jpg 768w, https:\/\/kralovany.ecavlos.sk\/wp-content\/uploads\/2018\/02\/DSC_9783-1024x682.jpg 1024w\" sizes=\"(max-width: 300px) 100vw, 300px\" \/> \u00a0\u00a0 <img loading=\"lazy\" decoding=\"async\" class=\"alignnone size-medium wp-image-1061\" src=\"http:\/\/kralovany.ecavlos.sk\/wp-content\/uploads\/2018\/02\/DSC_9786-300x200.jpg\" alt=\"\" width=\"300\" height=\"200\" srcset=\"https:\/\/kralovany.ecavlos.sk\/wp-content\/uploads\/2018\/02\/DSC_9786-300x200.jpg 300w, https:\/\/kralovany.ecavlos.sk\/wp-content\/uploads\/2018\/02\/DSC_9786-768x512.jpg 768w, https:\/\/kralovany.ecavlos.sk\/wp-content\/uploads\/2018\/02\/DSC_9786-1024x682.jpg 1024w\" sizes=\"(max-width: 300px) 100vw, 300px\" \/> \u00a0\u00a0 <img loading=\"lazy\" decoding=\"async\" class=\"alignnone size-medium wp-image-1062\" src=\"http:\/\/kralovany.ecavlos.sk\/wp-content\/uploads\/2018\/02\/DSC_9789-300x169.jpg\" alt=\"\" width=\"300\" height=\"169\" srcset=\"https:\/\/kralovany.ecavlos.sk\/wp-content\/uploads\/2018\/02\/DSC_9789-300x169.jpg 300w, https:\/\/kralovany.ecavlos.sk\/wp-content\/uploads\/2018\/02\/DSC_9789-768x432.jpg 768w, https:\/\/kralovany.ecavlos.sk\/wp-content\/uploads\/2018\/02\/DSC_9789-1024x576.jpg 1024w\" sizes=\"(max-width: 300px) 100vw, 300px\" \/>\u00a0\u00a0 <img loading=\"lazy\" decoding=\"async\" class=\"alignnone size-medium wp-image-1063\" src=\"http:\/\/kralovany.ecavlos.sk\/wp-content\/uploads\/2018\/02\/DSC_9797-200x300.jpg\" alt=\"\" width=\"200\" height=\"300\" srcset=\"https:\/\/kralovany.ecavlos.sk\/wp-content\/uploads\/2018\/02\/DSC_9797-200x300.jpg 200w, https:\/\/kralovany.ecavlos.sk\/wp-content\/uploads\/2018\/02\/DSC_9797-768x1151.jpg 768w, https:\/\/kralovany.ecavlos.sk\/wp-content\/uploads\/2018\/02\/DSC_9797-683x1024.jpg 683w\" sizes=\"(max-width: 200px) 100vw, 200px\" \/>\u00a0\u00a0 <img loading=\"lazy\" decoding=\"async\" class=\"alignnone size-medium wp-image-1064\" src=\"http:\/\/kralovany.ecavlos.sk\/wp-content\/uploads\/2018\/02\/DSC_9802-300x199.jpg\" alt=\"\" width=\"300\" height=\"199\" srcset=\"https:\/\/kralovany.ecavlos.sk\/wp-content\/uploads\/2018\/02\/DSC_9802-300x199.jpg 300w, https:\/\/kralovany.ecavlos.sk\/wp-content\/uploads\/2018\/02\/DSC_9802-768x509.jpg 768w, https:\/\/kralovany.ecavlos.sk\/wp-content\/uploads\/2018\/02\/DSC_9802-1024x678.jpg 1024w\" sizes=\"(max-width: 300px) 100vw, 300px\" \/>\u00a0\u00a0 <img loading=\"lazy\" decoding=\"async\" class=\"alignnone size-medium wp-image-1065\" src=\"http:\/\/kralovany.ecavlos.sk\/wp-content\/uploads\/2018\/02\/DSC_9816-300x200.jpg\" alt=\"\" width=\"300\" height=\"200\" srcset=\"https:\/\/kralovany.ecavlos.sk\/wp-content\/uploads\/2018\/02\/DSC_9816-300x200.jpg 300w, https:\/\/kralovany.ecavlos.sk\/wp-content\/uploads\/2018\/02\/DSC_9816-768x513.jpg 768w, https:\/\/kralovany.ecavlos.sk\/wp-content\/uploads\/2018\/02\/DSC_9816-1024x684.jpg 1024w\" sizes=\"(max-width: 300px) 100vw, 300px\" \/> \u00a0\u00a0 <img loading=\"lazy\" decoding=\"async\" class=\"alignnone size-medium wp-image-1066\" src=\"http:\/\/kralovany.ecavlos.sk\/wp-content\/uploads\/2018\/02\/DSC_9818-300x199.jpg\" alt=\"\" width=\"300\" height=\"199\" srcset=\"https:\/\/kralovany.ecavlos.sk\/wp-content\/uploads\/2018\/02\/DSC_9818-300x199.jpg 300w, https:\/\/kralovany.ecavlos.sk\/wp-content\/uploads\/2018\/02\/DSC_9818-768x509.jpg 768w, https:\/\/kralovany.ecavlos.sk\/wp-content\/uploads\/2018\/02\/DSC_9818-1024x678.jpg 1024w\" sizes=\"(max-width: 300px) 100vw, 300px\" \/> \u00a0\u00a0 <img loading=\"lazy\" decoding=\"async\" class=\"alignnone size-medium wp-image-1067\" src=\"http:\/\/kralovany.ecavlos.sk\/wp-content\/uploads\/2018\/02\/DSC_9821-300x199.jpg\" alt=\"\" width=\"300\" height=\"199\" srcset=\"https:\/\/kralovany.ecavlos.sk\/wp-content\/uploads\/2018\/02\/DSC_9821-300x199.jpg 300w, https:\/\/kralovany.ecavlos.sk\/wp-content\/uploads\/2018\/02\/DSC_9821-768x509.jpg 768w, https:\/\/kralovany.ecavlos.sk\/wp-content\/uploads\/2018\/02\/DSC_9821-1024x678.jpg 1024w\" sizes=\"(max-width: 300px) 100vw, 300px\" \/> \u00a0\u00a0 <img loading=\"lazy\" decoding=\"async\" class=\"alignnone size-medium wp-image-1068\" src=\"http:\/\/kralovany.ecavlos.sk\/wp-content\/uploads\/2018\/02\/DSC_9824-200x300.jpg\" alt=\"\" width=\"200\" height=\"300\" srcset=\"https:\/\/kralovany.ecavlos.sk\/wp-content\/uploads\/2018\/02\/DSC_9824-200x300.jpg 200w, https:\/\/kralovany.ecavlos.sk\/wp-content\/uploads\/2018\/02\/DSC_9824-768x1153.jpg 768w, https:\/\/kralovany.ecavlos.sk\/wp-content\/uploads\/2018\/02\/DSC_9824-682x1024.jpg 682w\" sizes=\"(max-width: 200px) 100vw, 200px\" \/>\u00a0\u00a0 <img loading=\"lazy\" decoding=\"async\" class=\"alignnone size-medium wp-image-1069\" src=\"http:\/\/kralovany.ecavlos.sk\/wp-content\/uploads\/2018\/02\/DSC_9833-300x199.jpg\" alt=\"\" width=\"300\" height=\"199\" srcset=\"https:\/\/kralovany.ecavlos.sk\/wp-content\/uploads\/2018\/02\/DSC_9833-300x199.jpg 300w, https:\/\/kralovany.ecavlos.sk\/wp-content\/uploads\/2018\/02\/DSC_9833-768x509.jpg 768w, https:\/\/kralovany.ecavlos.sk\/wp-content\/uploads\/2018\/02\/DSC_9833-1024x678.jpg 1024w\" sizes=\"(max-width: 300px) 100vw, 300px\" \/> \u00a0\u00a0 <img loading=\"lazy\" decoding=\"async\" class=\"alignnone size-medium wp-image-1070\" src=\"http:\/\/kralovany.ecavlos.sk\/wp-content\/uploads\/2018\/02\/DSC_9835-300x199.jpg\" alt=\"\" width=\"300\" height=\"199\" srcset=\"https:\/\/kralovany.ecavlos.sk\/wp-content\/uploads\/2018\/02\/DSC_9835-300x199.jpg 300w, https:\/\/kralovany.ecavlos.sk\/wp-content\/uploads\/2018\/02\/DSC_9835-768x509.jpg 768w, https:\/\/kralovany.ecavlos.sk\/wp-content\/uploads\/2018\/02\/DSC_9835-1024x678.jpg 1024w\" sizes=\"(max-width: 300px) 100vw, 300px\" \/> \u00a0\u00a0 <img loading=\"lazy\" decoding=\"async\" class=\"alignnone size-medium wp-image-1071\" src=\"http:\/\/kralovany.ecavlos.sk\/wp-content\/uploads\/2018\/02\/DSC_9837-300x200.jpg\" alt=\"\" width=\"300\" height=\"200\" srcset=\"https:\/\/kralovany.ecavlos.sk\/wp-content\/uploads\/2018\/02\/DSC_9837-300x200.jpg 300w, https:\/\/kralovany.ecavlos.sk\/wp-content\/uploads\/2018\/02\/DSC_9837-768x512.jpg 768w, https:\/\/kralovany.ecavlos.sk\/wp-content\/uploads\/2018\/02\/DSC_9837-1024x683.jpg 1024w\" sizes=\"(max-width: 300px) 100vw, 300px\" \/> \u00a0\u00a0 <img loading=\"lazy\" decoding=\"async\" class=\"alignnone size-medium wp-image-1072\" src=\"http:\/\/kralovany.ecavlos.sk\/wp-content\/uploads\/2018\/02\/DSC_9842-300x200.jpg\" alt=\"\" width=\"300\" height=\"200\" srcset=\"https:\/\/kralovany.ecavlos.sk\/wp-content\/uploads\/2018\/02\/DSC_9842-300x200.jpg 300w, https:\/\/kralovany.ecavlos.sk\/wp-content\/uploads\/2018\/02\/DSC_9842-768x512.jpg 768w, https:\/\/kralovany.ecavlos.sk\/wp-content\/uploads\/2018\/02\/DSC_9842-1024x682.jpg 1024w\" sizes=\"(max-width: 300px) 100vw, 300px\" \/>\u00a0\u00a0 <img loading=\"lazy\" decoding=\"async\" class=\"alignnone size-medium wp-image-1073\" src=\"http:\/\/kralovany.ecavlos.sk\/wp-content\/uploads\/2018\/02\/DSC_9852-199x300.jpg\" alt=\"\" width=\"199\" height=\"300\" srcset=\"https:\/\/kralovany.ecavlos.sk\/wp-content\/uploads\/2018\/02\/DSC_9852-199x300.jpg 199w, https:\/\/kralovany.ecavlos.sk\/wp-content\/uploads\/2018\/02\/DSC_9852-768x1160.jpg 768w, https:\/\/kralovany.ecavlos.sk\/wp-content\/uploads\/2018\/02\/DSC_9852-678x1024.jpg 678w\" sizes=\"(max-width: 199px) 100vw, 199px\" \/>\u00a0\u00a0 <img loading=\"lazy\" decoding=\"async\" class=\"alignnone size-medium wp-image-1074\" src=\"http:\/\/kralovany.ecavlos.sk\/wp-content\/uploads\/2018\/02\/DSC_9855-300x169.jpg\" alt=\"\" width=\"300\" height=\"169\" srcset=\"https:\/\/kralovany.ecavlos.sk\/wp-content\/uploads\/2018\/02\/DSC_9855-300x169.jpg 300w, https:\/\/kralovany.ecavlos.sk\/wp-content\/uploads\/2018\/02\/DSC_9855-768x432.jpg 768w, https:\/\/kralovany.ecavlos.sk\/wp-content\/uploads\/2018\/02\/DSC_9855-1024x576.jpg 1024w\" sizes=\"(max-width: 300px) 100vw, 300px\" \/>\u00a0\u00a0 <img loading=\"lazy\" decoding=\"async\" class=\"alignnone size-medium wp-image-1075\" src=\"http:\/\/kralovany.ecavlos.sk\/wp-content\/uploads\/2018\/02\/DSC_9858-300x199.jpg\" alt=\"\" width=\"300\" height=\"199\" srcset=\"https:\/\/kralovany.ecavlos.sk\/wp-content\/uploads\/2018\/02\/DSC_9858-300x199.jpg 300w, https:\/\/kralovany.ecavlos.sk\/wp-content\/uploads\/2018\/02\/DSC_9858-768x509.jpg 768w, https:\/\/kralovany.ecavlos.sk\/wp-content\/uploads\/2018\/02\/DSC_9858-1024x678.jpg 1024w\" sizes=\"(max-width: 300px) 100vw, 300px\" \/>\u00a0\u00a0\u00a0 <img loading=\"lazy\" decoding=\"async\" class=\"alignnone size-medium wp-image-1076\" src=\"http:\/\/kralovany.ecavlos.sk\/wp-content\/uploads\/2018\/02\/DSC_9859-300x200.jpg\" alt=\"\" width=\"300\" height=\"200\" srcset=\"https:\/\/kralovany.ecavlos.sk\/wp-content\/uploads\/2018\/02\/DSC_9859-300x200.jpg 300w, https:\/\/kralovany.ecavlos.sk\/wp-content\/uploads\/2018\/02\/DSC_9859-768x512.jpg 768w, https:\/\/kralovany.ecavlos.sk\/wp-content\/uploads\/2018\/02\/DSC_9859-1024x683.jpg 1024w\" sizes=\"(max-width: 300px) 100vw, 300px\" \/> \u00a0\u00a0 <img loading=\"lazy\" decoding=\"async\" class=\"alignnone size-medium wp-image-1077\" src=\"http:\/\/kralovany.ecavlos.sk\/wp-content\/uploads\/2018\/02\/DSC_9860-300x199.jpg\" alt=\"\" width=\"300\" height=\"199\" srcset=\"https:\/\/kralovany.ecavlos.sk\/wp-content\/uploads\/2018\/02\/DSC_9860-300x199.jpg 300w, https:\/\/kralovany.ecavlos.sk\/wp-content\/uploads\/2018\/02\/DSC_9860-768x509.jpg 768w, https:\/\/kralovany.ecavlos.sk\/wp-content\/uploads\/2018\/02\/DSC_9860-1024x678.jpg 1024w\" sizes=\"(max-width: 300px) 100vw, 300px\" \/>\u00a0\u00a0 <img loading=\"lazy\" decoding=\"async\" class=\"alignnone size-medium wp-image-1078\" src=\"http:\/\/kralovany.ecavlos.sk\/wp-content\/uploads\/2018\/02\/DSC_9865-300x199.jpg\" alt=\"\" width=\"300\" height=\"199\" srcset=\"https:\/\/kralovany.ecavlos.sk\/wp-content\/uploads\/2018\/02\/DSC_9865-300x199.jpg 300w, https:\/\/kralovany.ecavlos.sk\/wp-content\/uploads\/2018\/02\/DSC_9865-768x509.jpg 768w, https:\/\/kralovany.ecavlos.sk\/wp-content\/uploads\/2018\/02\/DSC_9865-1024x678.jpg 1024w\" sizes=\"(max-width: 300px) 100vw, 300px\" \/>\u00a0\u00a0 <img loading=\"lazy\" decoding=\"async\" class=\"alignnone size-medium wp-image-1079\" src=\"http:\/\/kralovany.ecavlos.sk\/wp-content\/uploads\/2018\/02\/DSC_9881-200x300.jpg\" alt=\"\" width=\"200\" height=\"300\" srcset=\"https:\/\/kralovany.ecavlos.sk\/wp-content\/uploads\/2018\/02\/DSC_9881-200x300.jpg 200w, https:\/\/kralovany.ecavlos.sk\/wp-content\/uploads\/2018\/02\/DSC_9881-768x1150.jpg 768w, https:\/\/kralovany.ecavlos.sk\/wp-content\/uploads\/2018\/02\/DSC_9881-684x1024.jpg 684w\" sizes=\"(max-width: 200px) 100vw, 200px\" \/><\/p>\n","protected":false},"excerpt":{"rendered":"<p>Na prv\u00fa sl\u00e1vnos\u0165 viano\u010dn\u00fa, 25. decembra, sa v chr\u00e1me Bo\u017eom konala viano\u010dn\u00e1 akad\u00e9mia, na ktorej deti, dorast, ml\u00e1de\u017e i dospel\u00ed \u010fakovali nebesk\u00e9mu Darcovi za ten naj\u00fa\u017easnej\u0161\u00ed dar Vianoc &#8211; n\u00e1\u0161ho Spasite\u013ea. \u00a0\u00a0 \u00a0\u00a0 \u00a0\u00a0 \u00a0\u00a0 \u00a0\u00a0 \u00a0\u00a0 \u00a0\u00a0 \u00a0\u00a0 \u00a0\u00a0 \u00a0\u00a0 \u00a0\u00a0 \u00a0\u00a0 \u00a0\u00a0 \u00a0\u00a0 \u00a0\u00a0 \u00a0\u00a0 \u00a0\u00a0 \u00a0\u00a0 \u00a0\u00a0 \u00a0\u00a0 \u00a0\u00a0 \u00a0\u00a0 \u00a0\u00a0 \u00a0\u00a0 [&hellip;]<\/p>\n","protected":false},"author":1,"featured_media":0,"parent":1012,"menu_order":0,"comment_status":"closed","ping_status":"closed","template":"","meta":{"footnotes":""},"class_list":["post-1046","page","type-page","status-publish","hentry"],"_links":{"self":[{"href":"https:\/\/kralovany.ecavlos.sk\/index.php?rest_route=\/wp\/v2\/pages\/1046"}],"collection":[{"href":"https:\/\/kralovany.ecavlos.sk\/index.php?rest_route=\/wp\/v2\/pages"}],"about":[{"href":"https:\/\/kralovany.ecavlos.sk\/index.php?rest_route=\/wp\/v2\/types\/page"}],"author":[{"embeddable":true,"href":"https:\/\/kralovany.ecavlos.sk\/index.php?rest_route=\/wp\/v2\/users\/1"}],"replies":[{"embeddable":true,"href":"https:\/\/kralovany.ecavlos.sk\/index.php?rest_route=%2Fwp%2Fv2%2Fcomments&post=1046"}],"version-history":[{"count":1,"href":"https:\/\/kralovany.ecavlos.sk\/index.php?rest_route=\/wp\/v2\/pages\/1046\/revisions"}],"predecessor-version":[{"id":1081,"href":"https:\/\/kralovany.ecavlos.sk\/index.php?rest_route=\/wp\/v2\/pages\/1046\/revisions\/1081"}],"up":[{"embeddable":true,"href":"https:\/\/kralovany.ecavlos.sk\/index.php?rest_route=\/wp\/v2\/pages\/1012"}],"wp:attachment":[{"href":"https:\/\/kralovany.ecavlos.sk\/index.php?rest_route=%2Fwp%2Fv2%2Fmedia&parent=1046"}],"curies":[{"name":"wp","href":"https:\/\/api.w.org\/{rel}","templated":true}]}}