{"id":121,"date":"2017-04-18T16:55:34","date_gmt":"2017-04-18T14:55:34","guid":{"rendered":"http:\/\/kralovany.ecavlos.sk\/?page_id=121"},"modified":"2023-10-25T19:02:00","modified_gmt":"2023-10-25T17:02:00","slug":"spevokol","status":"publish","type":"page","link":"https:\/\/kralovany.ecavlos.sk\/?page_id=121","title":{"rendered":"Spevokol"},"content":{"rendered":"<p><img loading=\"lazy\" decoding=\"async\" class=\"wp-image-235 alignleft\" src=\"http:\/\/kralovany.ecavlos.sk\/wp-content\/uploads\/2017\/04\/17974828_1743612482331817_943633879_n-1-300x224.jpg\" alt=\"\" width=\"246\" height=\"184\" srcset=\"https:\/\/kralovany.ecavlos.sk\/wp-content\/uploads\/2017\/04\/17974828_1743612482331817_943633879_n-1-300x224.jpg 300w, https:\/\/kralovany.ecavlos.sk\/wp-content\/uploads\/2017\/04\/17974828_1743612482331817_943633879_n-1.jpg 428w\" sizes=\"(max-width: 246px) 100vw, 246px\" \/><span style=\"color: #000000;\">Spieva\u0165 P\u00e1nu Bohu na chv\u00e1lu, to je prirodzen\u00fd prejav kres\u0165ana. To, \u010do sa ukr\u00fdva v jeho srdci, to, \u010do nap\u013a\u0148a jeho myse\u013e, to, \u010do ho v Bo\u017eej bl\u00edzkosti te\u0161\u00ed i tr\u00e1pi, vklad\u00e1 do svojich piesn\u00ed. A tam, kde \u017eije Bo\u017eia rodina, tam zaznieva aj spolo\u010dn\u00fd spev, tam \u010dasom vznik\u00e1 spevokol. Tak ako aj ten n\u00e1\u0161.<\/span><\/p>\n<p><span style=\"color: #000000;\">Nie sme profesion\u00e1li, odborn\u00edci na spev, hudbu a ani dirigovanie. Ob\u010das zaspievame aj falo\u0161ne, ob\u010das si pom\u00fdlime aj slov\u00e1. Ale sme \u013eudia, ktor\u00ed t\u00fa\u017eia pies\u0148ou oslavova\u0165 svojho Boha.<\/span><\/p>\n<p><span style=\"color: #000000;\">V\u00e4\u010d\u0161inou sa stret\u00e1vame raz t\u00fd\u017edenne vo \u0161tvrtok o 18.45 h. na fare. Nacvi\u010dujeme piesne, ktor\u00e9 s\u00fa potom s\u00fa\u010das\u0165ou sl\u00e1vnostn\u00fdch slu\u017eieb Bo\u017e\u00edch konan\u00fdch v na\u0161om chr\u00e1me. Raz ro\u010dne sa z\u00fa\u010dast\u0148ujeme aj stretnutia spevokolov cirkevn\u00fdch zborov Oravy.\u00a0 Na n\u00e1cvikoch b\u00fdva veselo.<\/span><\/p>\n<p><span style=\"color: #000000;\">Poz\u00fdvame aj v\u00e1s, pridajte sa k n\u00e1m, aby sme spolu oslavovali Toho, ktor\u00fd ako jedin\u00fd je hodn\u00fd v\u0161etkej cti a chv\u00e1ly.<\/span><\/p>\n\n\n<figure class=\"wp-block-gallery has-nested-images columns-default is-cropped wp-block-gallery-1 is-layout-flex wp-block-gallery-is-layout-flex\">\n<figure class=\"wp-block-image size-large\"><img loading=\"lazy\" decoding=\"async\" width=\"1024\" height=\"768\" data-id=\"3096\" src=\"http:\/\/kralovany.ecavlos.sk\/wp-content\/uploads\/2023\/10\/394341097_1421739441709528_6948425043303300055_n-1024x768.jpg\" alt=\"\" class=\"wp-image-3096\" srcset=\"https:\/\/kralovany.ecavlos.sk\/wp-content\/uploads\/2023\/10\/394341097_1421739441709528_6948425043303300055_n-1024x768.jpg 1024w, https:\/\/kralovany.ecavlos.sk\/wp-content\/uploads\/2023\/10\/394341097_1421739441709528_6948425043303300055_n-300x225.jpg 300w, https:\/\/kralovany.ecavlos.sk\/wp-content\/uploads\/2023\/10\/394341097_1421739441709528_6948425043303300055_n-768x576.jpg 768w, https:\/\/kralovany.ecavlos.sk\/wp-content\/uploads\/2023\/10\/394341097_1421739441709528_6948425043303300055_n-1536x1152.jpg 1536w, https:\/\/kralovany.ecavlos.sk\/wp-content\/uploads\/2023\/10\/394341097_1421739441709528_6948425043303300055_n.jpg 2032w\" sizes=\"(max-width: 1024px) 100vw, 1024px\" \/><\/figure>\n<\/figure>\n","protected":false},"excerpt":{"rendered":"<p>Spieva\u0165 P\u00e1nu Bohu na chv\u00e1lu, to je prirodzen\u00fd prejav kres\u0165ana. To, \u010do sa ukr\u00fdva v jeho srdci, to, \u010do nap\u013a\u0148a jeho myse\u013e, to, \u010do ho v Bo\u017eej bl\u00edzkosti te\u0161\u00ed i tr\u00e1pi, vklad\u00e1 do svojich piesn\u00ed. A tam, kde \u017eije Bo\u017eia rodina, tam zaznieva aj spolo\u010dn\u00fd spev, tam \u010dasom vznik\u00e1 spevokol. Tak ako aj ten n\u00e1\u0161. [&hellip;]<\/p>\n","protected":false},"author":1,"featured_media":0,"parent":2,"menu_order":0,"comment_status":"closed","ping_status":"closed","template":"","meta":{"footnotes":""},"class_list":["post-121","page","type-page","status-publish","hentry"],"_links":{"self":[{"href":"https:\/\/kralovany.ecavlos.sk\/index.php?rest_route=\/wp\/v2\/pages\/121"}],"collection":[{"href":"https:\/\/kralovany.ecavlos.sk\/index.php?rest_route=\/wp\/v2\/pages"}],"about":[{"href":"https:\/\/kralovany.ecavlos.sk\/index.php?rest_route=\/wp\/v2\/types\/page"}],"author":[{"embeddable":true,"href":"https:\/\/kralovany.ecavlos.sk\/index.php?rest_route=\/wp\/v2\/users\/1"}],"replies":[{"embeddable":true,"href":"https:\/\/kralovany.ecavlos.sk\/index.php?rest_route=%2Fwp%2Fv2%2Fcomments&post=121"}],"version-history":[{"count":6,"href":"https:\/\/kralovany.ecavlos.sk\/index.php?rest_route=\/wp\/v2\/pages\/121\/revisions"}],"predecessor-version":[{"id":3097,"href":"https:\/\/kralovany.ecavlos.sk\/index.php?rest_route=\/wp\/v2\/pages\/121\/revisions\/3097"}],"up":[{"embeddable":true,"href":"https:\/\/kralovany.ecavlos.sk\/index.php?rest_route=\/wp\/v2\/pages\/2"}],"wp:attachment":[{"href":"https:\/\/kralovany.ecavlos.sk\/index.php?rest_route=%2Fwp%2Fv2%2Fmedia&parent=121"}],"curies":[{"name":"wp","href":"https:\/\/api.w.org\/{rel}","templated":true}]}}

<p><img loading="lazy" decoding="async" class="wp-image-235 alignleft" src="http://kralovany.ecavlos.sk/wp-content/uploads/2017/04/17974828_1743612482331817_943633879_n-1-300x224.jpg" alt="" width="246" height="184" srcset="https://kralovany.ecavlos.sk/wp-content/uploads/2017/04/17974828_1743612482331817_943633879_n-1-300x224.jpg 300w, https://kralovany.ecavlos.sk/wp-content/uploads/2017/04/17974828_1743612482331817_943633879_n-1.jpg 428w" sizes="(max-width: 246px) 100vw, 246px" /><span style="color: #000000;">Spievať Pánu Bohu na chválu, to je prirodzený prejav kresťana. To, čo sa ukrýva v jeho srdci, to, čo napĺňa jeho myseľ, to, čo ho v Božej blízkosti teší i trápi, vkladá do svojich piesní. A tam, kde žije Božia rodina, tam zaznieva aj spoločný spev, tam časom vzniká spevokol. Tak ako aj ten náš.</span></p>
<p><span style="color: #000000;">Nie sme profesionáli, odborníci na spev, hudbu a ani dirigovanie. Občas zaspievame aj falošne, občas si pomýlime aj slová. Ale sme ľudia, ktorí túžia piesňou oslavovať svojho Boha.</span></p>
<p><span style="color: #000000;">Väčšinou sa stretávame raz týždenne vo štvrtok o 18.45 h. na fare. Nacvičujeme piesne, ktoré sú potom súčasťou slávnostných služieb Božích konaných v našom chráme. Raz ročne sa zúčastňujeme aj stretnutia spevokolov cirkevných zborov Oravy.  Na nácvikoch býva veselo.</span></p>
<p><span style="color: #000000;">Pozývame aj vás, pridajte sa k nám, aby sme spolu oslavovali Toho, ktorý ako jediný je hodný všetkej cti a chvály.</span></p>


<figure class="wp-block-gallery has-nested-images columns-default is-cropped wp-block-gallery-1 is-layout-flex wp-block-gallery-is-layout-flex">
<figure class="wp-block-image size-large"><img loading="lazy" decoding="async" width="1024" height="768" data-id="3096" src="http://kralovany.ecavlos.sk/wp-content/uploads/2023/10/394341097_1421739441709528_6948425043303300055_n-1024x768.jpg" alt="" class="wp-image-3096" srcset="https://kralovany.ecavlos.sk/wp-content/uploads/2023/10/394341097_1421739441709528_6948425043303300055_n-1024x768.jpg 1024w, https://kralovany.ecavlos.sk/wp-content/uploads/2023/10/394341097_1421739441709528_6948425043303300055_n-300x225.jpg 300w, https://kralovany.ecavlos.sk/wp-content/uploads/2023/10/394341097_1421739441709528_6948425043303300055_n-768x576.jpg 768w, https://kralovany.ecavlos.sk/wp-content/uploads/2023/10/394341097_1421739441709528_6948425043303300055_n-1536x1152.jpg 1536w, https://kralovany.ecavlos.sk/wp-content/uploads/2023/10/394341097_1421739441709528_6948425043303300055_n.jpg 2032w" sizes="(max-width: 1024px) 100vw, 1024px" /></figure>
</figure>

<p>Spievať Pánu Bohu na chválu, to je prirodzený prejav kresťana. To, čo sa ukrýva v jeho srdci, to, čo napĺňa jeho myseľ, to, čo ho v Božej blízkosti teší i trápi, vkladá do svojich piesní. A tam, kde žije Božia rodina, tam zaznieva aj spoločný spev, tam časom vzniká spevokol. Tak ako aj ten náš. [&hellip;]</p>
