{"id":124,"date":"2017-04-18T16:55:34","date_gmt":"2017-04-18T14:55:34","guid":{"rendered":"http:\/\/kralovany.ecavlos.sk\/?page_id=124"},"modified":"2020-09-04T20:18:09","modified_gmt":"2020-09-04T18:18:09","slug":"historia-cirkevneho-zboru","status":"publish","type":"page","link":"https:\/\/kralovany.ecavlos.sk\/?page_id=124","title":{"rendered":"Hist\u00f3ria cirkevn\u00e9ho zboru"},"content":{"rendered":"<p><strong><img loading=\"lazy\" decoding=\"async\" class=\" wp-image-203 alignright\" src=\"http:\/\/kralovany.ecavlos.sk\/wp-content\/uploads\/2017\/04\/Kostol-001-191x300.jpg\" alt=\"\" width=\"305\" height=\"479\" srcset=\"https:\/\/kralovany.ecavlos.sk\/wp-content\/uploads\/2017\/04\/Kostol-001-191x300.jpg 191w, https:\/\/kralovany.ecavlos.sk\/wp-content\/uploads\/2017\/04\/Kostol-001-768x1204.jpg 768w, https:\/\/kralovany.ecavlos.sk\/wp-content\/uploads\/2017\/04\/Kostol-001-653x1024.jpg 653w, https:\/\/kralovany.ecavlos.sk\/wp-content\/uploads\/2017\/04\/Kostol-001-700x1097.jpg 700w, https:\/\/kralovany.ecavlos.sk\/wp-content\/uploads\/2017\/04\/Kostol-001.jpg 1356w\" sizes=\"(max-width: 305px) 100vw, 305px\" \/><\/strong><\/p>\n<p>&nbsp;<\/p>\n<p><span style=\"color: #000000;\"><strong>Prv\u00e1 p\u00edsomn\u00e1 zmienka o Kra\u013eovanoch<\/strong> je z r. 1363. V r. 1420 sa spom\u00ednaj\u00fa Kra\u013eovany ako dedina patriaca Oravsk\u00e9mu hradu, \u010di\u017ee bola kr\u00e1\u013eovsk\u00fdm majetkom. Pri vzniku obce patrili obyvatelia Kra\u013eovian do nitrianskeho archidiakon\u00e1tu Trnavskej ostrihomskej arcidiec\u00e9zy a pod farnos\u0165 v Komjatnej pri Ru\u017eomberku.<\/span><\/p>\n<p><span style=\"color: #000000;\"><strong>Roz\u0161\u00edrenie reform\u00e1cie<\/strong> na Orave je spojen\u00e9 s osobou Fra\u0148a Turzu a jeho syna Juraja, majite\u013emi Oravsk\u00e9ho hradu. Juraj Turzo bol v rokoch 1609 \u2013 1616 uhorsk\u00fdm palat\u00ednom. Protestantizmus na Orave dosiahol svoj vrchol v prvej polovici 17. stor., ke\u010f sa po \u017dilinskej synode r. 1610 evanjelick\u00e1 cirkev \u00faplne osamostatnila od cirkvi katol\u00edckej. Cirkevn\u00e9 zbory z Oravy, Liptova a Tren\u010dianskej stolice sa stali s\u00fa\u010das\u0165ou Byt\u010dianskej evanjelickej superintendencie, na \u010dele ktorej bol Eli\u00e1\u0161 L\u00e1ni.<\/span><\/p>\n<p><span style=\"color: #000000;\">Najsk\u00f4r <strong>veriaci patrili do cirkevn\u00e9ho zboru vo Veli\u010dnej<\/strong>, ktor\u00e1 sa predt\u00fdm volala Ve\u013ek\u00e1 Ves. V r. 1683 vyhorela cel\u00e1 Veli\u010dn\u00e1. Administrat\u00edvne centrum \u2013 s\u00eddlo Oravskej \u017eupy sa prenieslo do Doln\u00e9ho Kub\u00edna. Po \u0160opronskom sneme r. 1681 na z\u00e1klade artik\u00fal si <strong>dolnooravsk\u00ed evanjelici postavili kostol v Istebnom<\/strong>.<\/span><\/p>\n<p><span style=\"color: #000000;\">V r. 1810 si v Kra\u013eovanoch postavili <strong>prv\u00fa evanjelick\u00fa \u0161kolu<\/strong>. Bolo to na mieste, kde teraz stoj\u00ed kostol a bola to dreven\u00e1 budova. U\u017e v r. 1837 t\u00fato \u0161kolu zni\u010dil po\u017eiar, ale onedlho si evanjelici postavili <strong>nov\u00fa \u0161kolu<\/strong>. \u0160kola bola aj miestom slu\u017eieb Bo\u017e\u00edch, ktor\u00e9 ka\u017ed\u00fa nede\u013eu vykon\u00e1val u\u010dite\u013e pod\u013ea predp\u00edsan\u00e9ho poriadku. Evanjelick\u00e1 \u0161kola trvala do r. 1876, ke\u010f bola vyhl\u00e1sen\u00e1 za \u0161t\u00e1tnu. Slu\u017eby Bo\u017eie sa potom konali v s\u00fakromnom dome. V r. 1909 si evanjelici postavili <strong>nov\u00fa \u0161kolu<\/strong>. T\u00e1to budova je dnes s\u00eddlom farsk\u00e9ho \u00faradu.<\/span><\/p>\n<p><span style=\"color: #000000;\">V r. 1763 bola v Kra\u013eovanoch postaven\u00e1 <strong>zvonica<\/strong>, druh\u00fd zvon bol zak\u00fapen\u00fd r. 1815. Druh\u00fd zvon sa teraz nach\u00e1dza v Oravskom skanzene v Zuberci vo zvonici zo Z\u00e1skalia. Prv\u00fd zvon bol pravdepodobne vzat\u00fd v l. svetovej vojne.<\/span><\/p>\n<p><span style=\"color: #000000;\">V r. 1912 za\u010dali evanjelici v Kra\u013eovanoch stava\u0165 <strong>kostol<\/strong> na mieste prvej evanjelickej \u0161koly. Kostol bol sl\u00e1vnostne posv\u00e4ten\u00fd 19. 10. 1913.<\/span><\/p>\n<p><span style=\"color: #000000;\">V r. 1921 vznikol samostatn\u00fd <strong>cirkevn\u00fd zbor v P\u00e1rnici s dc\u00e9rocirkvou v Kra\u013eovanoch<\/strong>.<\/span><\/p>\n<p><span style=\"color: #000000;\">V r. 1923 bol <strong>do ve\u017ee zak\u00fapen\u00fd nov\u00fd zvon<\/strong>, ktor\u00fd m\u00e1 n\u00e1pis \u201eEvanjelick\u00e1 a. v. dc\u00e9rocirkev Kra\u013eovany \u2013 1923 \u2013 Sl\u00e1va na v\u00fdsostiach Bohu a na zemi pokoj \u013eu\u010fom dobrej v\u00f4le\u201c. \u010eal\u0161\u00ed zvon bol zak\u00fapen\u00fd r. 1970 s nadpisom \u201eF. \u0160v\u00e9da \u2013 1970\u201c.<\/span><\/p>\n<p><span style=\"color: #000000;\">V r. 1955 bola pristaven\u00e1 <strong>zborov\u00e1 sie\u0148 a sakristia<\/strong>.<\/span><\/p>\n<p><span style=\"color: #000000;\">Rokom 2000 sa za\u010dali p\u00edsa\u0165 nov\u00e9 dejiny evanjelickej cirkvi v Kra\u013eovanoch \u2013 <strong>1.j\u00fala 2000 bol zriaden\u00fd Cirkevn\u00fd zbor Evanjelickej cirkvi a. v. v Kra\u013eovanoch<\/strong>. V r. 2001 \u2013 2002 bola b\u00fdval\u00e1 \u0161kola prestavan\u00e1 na farsk\u00fd \u00farad.<\/span><\/p>\n<p><span style=\"color: #000000;\">D\u0148a 12. j\u00fana 2011 <strong>do\u0161lo k\u00a0po\u017eiaru v\u00a0kostole<\/strong>, po\u010das ktor\u00e9ho zhorel hrac\u00ed st\u00f4l organu. Ale u\u017e na Kaj\u00facu nede\u013eu bol kostol zreko\u0161truovan\u00fd a\u00a0na \u0160tedr\u00fd ve\u010der zazneli aj t\u00f3ny organu. Na pamiatku po\u017eiaru bol v cirkevnom zbore v nede\u013eu po 12. j\u00fani vyhl\u00e1sen\u00fd <strong>De\u0148 pok\u00e1nia<\/strong>, aby sa veriaci kajali pred Hospodinom.<\/span><\/p>\n<p><span style=\"color: #000000;\"><strong>Duchovn\u00ed pastieri<\/strong> cirkevn\u00e9ho zboru:<\/span><\/p>\n<p><span style=\"color: #000000;\">Mgr. M\u00e1ria Kov\u00e1\u010dov\u00e1 (2001-2006)<\/span><br \/>\n<span style=\"color: #000000;\"> Mgr. Zuzana Brdiarov\u00e1 (od r. 2007)<\/span><\/p>\n<h6><span style=\"color: #000000;\">\u00a0<\/span><\/h6>\n","protected":false},"excerpt":{"rendered":"<p>&nbsp; Prv\u00e1 p\u00edsomn\u00e1 zmienka o Kra\u013eovanoch je z r. 1363. V r. 1420 sa spom\u00ednaj\u00fa Kra\u013eovany ako dedina patriaca Oravsk\u00e9mu hradu, \u010di\u017ee bola kr\u00e1\u013eovsk\u00fdm majetkom. Pri vzniku obce patrili obyvatelia Kra\u013eovian do nitrianskeho archidiakon\u00e1tu Trnavskej ostrihomskej arcidiec\u00e9zy a pod farnos\u0165 v Komjatnej pri Ru\u017eomberku. Roz\u0161\u00edrenie reform\u00e1cie na Orave je spojen\u00e9 s osobou Fra\u0148a Turzu a [&hellip;]<\/p>\n","protected":false},"author":1,"featured_media":0,"parent":72,"menu_order":0,"comment_status":"closed","ping_status":"closed","template":"","meta":{"footnotes":""},"class_list":["post-124","page","type-page","status-publish","hentry"],"_links":{"self":[{"href":"https:\/\/kralovany.ecavlos.sk\/index.php?rest_route=\/wp\/v2\/pages\/124"}],"collection":[{"href":"https:\/\/kralovany.ecavlos.sk\/index.php?rest_route=\/wp\/v2\/pages"}],"about":[{"href":"https:\/\/kralovany.ecavlos.sk\/index.php?rest_route=\/wp\/v2\/types\/page"}],"author":[{"embeddable":true,"href":"https:\/\/kralovany.ecavlos.sk\/index.php?rest_route=\/wp\/v2\/users\/1"}],"replies":[{"embeddable":true,"href":"https:\/\/kralovany.ecavlos.sk\/index.php?rest_route=%2Fwp%2Fv2%2Fcomments&post=124"}],"version-history":[{"count":5,"href":"https:\/\/kralovany.ecavlos.sk\/index.php?rest_route=\/wp\/v2\/pages\/124\/revisions"}],"predecessor-version":[{"id":2396,"href":"https:\/\/kralovany.ecavlos.sk\/index.php?rest_route=\/wp\/v2\/pages\/124\/revisions\/2396"}],"up":[{"embeddable":true,"href":"https:\/\/kralovany.ecavlos.sk\/index.php?rest_route=\/wp\/v2\/pages\/72"}],"wp:attachment":[{"href":"https:\/\/kralovany.ecavlos.sk\/index.php?rest_route=%2Fwp%2Fv2%2Fmedia&parent=124"}],"curies":[{"name":"wp","href":"https:\/\/api.w.org\/{rel}","templated":true}]}}

História cirkevného zboru

<p><strong><img loading="lazy" decoding="async" class=" wp-image-203 alignright" src="http://kralovany.ecavlos.sk/wp-content/uploads/2017/04/Kostol-001-191x300.jpg" alt="" width="305" height="479" srcset="https://kralovany.ecavlos.sk/wp-content/uploads/2017/04/Kostol-001-191x300.jpg 191w, https://kralovany.ecavlos.sk/wp-content/uploads/2017/04/Kostol-001-768x1204.jpg 768w, https://kralovany.ecavlos.sk/wp-content/uploads/2017/04/Kostol-001-653x1024.jpg 653w, https://kralovany.ecavlos.sk/wp-content/uploads/2017/04/Kostol-001-700x1097.jpg 700w, https://kralovany.ecavlos.sk/wp-content/uploads/2017/04/Kostol-001.jpg 1356w" sizes="(max-width: 305px) 100vw, 305px" /></strong></p>
<p>&nbsp;</p>
<p><span style="color: #000000;"><strong>Prvá písomná zmienka o Kraľovanoch</strong> je z r. 1363. V r. 1420 sa spomínajú Kraľovany ako dedina patriaca Oravskému hradu, čiže bola kráľovským majetkom. Pri vzniku obce patrili obyvatelia Kraľovian do nitrianskeho archidiakonátu Trnavskej ostrihomskej arcidiecézy a pod farnosť v Komjatnej pri Ružomberku.</span></p>
<p><span style="color: #000000;"><strong>Rozšírenie reformácie</strong> na Orave je spojené s osobou Fraňa Turzu a jeho syna Juraja, majiteľmi Oravského hradu. Juraj Turzo bol v rokoch 1609 – 1616 uhorským palatínom. Protestantizmus na Orave dosiahol svoj vrchol v prvej polovici 17. stor., keď sa po Žilinskej synode r. 1610 evanjelická cirkev úplne osamostatnila od cirkvi katolíckej. Cirkevné zbory z Oravy, Liptova a Trenčianskej stolice sa stali súčasťou Bytčianskej evanjelickej superintendencie, na čele ktorej bol Eliáš Láni.</span></p>
<p><span style="color: #000000;">Najskôr <strong>veriaci patrili do cirkevného zboru vo Veličnej</strong>, ktorá sa predtým volala Veľká Ves. V r. 1683 vyhorela celá Veličná. Administratívne centrum – sídlo Oravskej župy sa prenieslo do Dolného Kubína. Po Šopronskom sneme r. 1681 na základe artikúl si <strong>dolnooravskí evanjelici postavili kostol v Istebnom</strong>.</span></p>
<p><span style="color: #000000;">V r. 1810 si v Kraľovanoch postavili <strong>prvú evanjelickú školu</strong>. Bolo to na mieste, kde teraz stojí kostol a bola to drevená budova. Už v r. 1837 túto školu zničil požiar, ale onedlho si evanjelici postavili <strong>novú školu</strong>. Škola bola aj miestom služieb Božích, ktoré každú nedeľu vykonával učiteľ podľa predpísaného poriadku. Evanjelická škola trvala do r. 1876, keď bola vyhlásená za štátnu. Služby Božie sa potom konali v súkromnom dome. V r. 1909 si evanjelici postavili <strong>novú školu</strong>. Táto budova je dnes sídlom farského úradu.</span></p>
<p><span style="color: #000000;">V r. 1763 bola v Kraľovanoch postavená <strong>zvonica</strong>, druhý zvon bol zakúpený r. 1815. Druhý zvon sa teraz nachádza v Oravskom skanzene v Zuberci vo zvonici zo Záskalia. Prvý zvon bol pravdepodobne vzatý v l. svetovej vojne.</span></p>
<p><span style="color: #000000;">V r. 1912 začali evanjelici v Kraľovanoch stavať <strong>kostol</strong> na mieste prvej evanjelickej školy. Kostol bol slávnostne posvätený 19. 10. 1913.</span></p>
<p><span style="color: #000000;">V r. 1921 vznikol samostatný <strong>cirkevný zbor v Párnici s dcérocirkvou v Kraľovanoch</strong>.</span></p>
<p><span style="color: #000000;">V r. 1923 bol <strong>do veže zakúpený nový zvon</strong>, ktorý má nápis „Evanjelická a. v. dcérocirkev Kraľovany – 1923 – Sláva na výsostiach Bohu a na zemi pokoj ľuďom dobrej vôle“. Ďalší zvon bol zakúpený r. 1970 s nadpisom „F. Švéda – 1970“.</span></p>
<p><span style="color: #000000;">V r. 1955 bola pristavená <strong>zborová sieň a sakristia</strong>.</span></p>
<p><span style="color: #000000;">Rokom 2000 sa začali písať nové dejiny evanjelickej cirkvi v Kraľovanoch – <strong>1.júla 2000 bol zriadený Cirkevný zbor Evanjelickej cirkvi a. v. v Kraľovanoch</strong>. V r. 2001 – 2002 bola bývalá škola prestavaná na farský úrad.</span></p>
<p><span style="color: #000000;">Dňa 12. júna 2011 <strong>došlo k požiaru v kostole</strong>, počas ktorého zhorel hrací stôl organu. Ale už na Kajúcu nedeľu bol kostol zrekoštruovaný a na Štedrý večer zazneli aj tóny organu. Na pamiatku požiaru bol v cirkevnom zbore v nedeľu po 12. júni vyhlásený <strong>Deň pokánia</strong>, aby sa veriaci kajali pred Hospodinom.</span></p>
<p><span style="color: #000000;"><strong>Duchovní pastieri</strong> cirkevného zboru:</span></p>
<p><span style="color: #000000;">Mgr. Mária Kováčová (2001-2006)</span><br />
<span style="color: #000000;"> Mgr. Zuzana Brdiarová (od r. 2007)</span></p>
<h6><span style="color: #000000;"> </span></h6>

<p>&nbsp; Prvá písomná zmienka o Kraľovanoch je z r. 1363. V r. 1420 sa spomínajú Kraľovany ako dedina patriaca Oravskému hradu, čiže bola kráľovským majetkom. Pri vzniku obce patrili obyvatelia Kraľovian do nitrianskeho archidiakonátu Trnavskej ostrihomskej arcidiecézy a pod farnosť v Komjatnej pri Ružomberku. Rozšírenie reformácie na Orave je spojené s osobou Fraňa Turzu a [&hellip;]</p>
