{"id":1535,"date":"2019-02-24T20:39:11","date_gmt":"2019-02-24T19:39:11","guid":{"rendered":"http:\/\/kralovany.ecavlos.sk\/?page_id=1535"},"modified":"2019-05-12T21:46:22","modified_gmt":"2019-05-12T19:46:22","slug":"zborovy-casopis-2019","status":"publish","type":"page","link":"https:\/\/kralovany.ecavlos.sk\/?page_id=1535","title":{"rendered":"Zborov\u00fd \u010dasopis 2019"},"content":{"rendered":"<p>&nbsp;<\/p>\n<p><a href=\"http:\/\/kralovany.ecavlos.sk\/wp-content\/uploads\/2019\/02\/zborov\u00fd-\u010dasopis-\u010d.-1_2019.pdf\">zborov\u00fd \u010dasopis \u010d. 1_2019<\/a><\/p>\n<p><a href=\"http:\/\/kralovany.ecavlos.sk\/wp-content\/uploads\/2019\/02\/zborov\u00fd-\u010dasopis-\u010d.-2_2019.pdf\">zborov\u00fd \u010dasopis \u010d. 2_2019<\/a><\/p>\n","protected":false},"excerpt":{"rendered":"<p>&nbsp; zborov\u00fd \u010dasopis \u010d. 1_2019 zborov\u00fd \u010dasopis \u010d. 2_2019<\/p>\n","protected":false},"author":1,"featured_media":0,"parent":2,"menu_order":0,"comment_status":"closed","ping_status":"closed","template":"","meta":{"footnotes":""},"class_list":["post-1535","page","type-page","status-publish","hentry"],"_links":{"self":[{"href":"https:\/\/kralovany.ecavlos.sk\/index.php?rest_route=\/wp\/v2\/pages\/1535"}],"collection":[{"href":"https:\/\/kralovany.ecavlos.sk\/index.php?rest_route=\/wp\/v2\/pages"}],"about":[{"href":"https:\/\/kralovany.ecavlos.sk\/index.php?rest_route=\/wp\/v2\/types\/page"}],"author":[{"embeddable":true,"href":"https:\/\/kralovany.ecavlos.sk\/index.php?rest_route=\/wp\/v2\/users\/1"}],"replies":[{"embeddable":true,"href":"https:\/\/kralovany.ecavlos.sk\/index.php?rest_route=%2Fwp%2Fv2%2Fcomments&post=1535"}],"version-history":[{"count":2,"href":"https:\/\/kralovany.ecavlos.sk\/index.php?rest_route=\/wp\/v2\/pages\/1535\/revisions"}],"predecessor-version":[{"id":1737,"href":"https:\/\/kralovany.ecavlos.sk\/index.php?rest_route=\/wp\/v2\/pages\/1535\/revisions\/1737"}],"up":[{"embeddable":true,"href":"https:\/\/kralovany.ecavlos.sk\/index.php?rest_route=\/wp\/v2\/pages\/2"}],"wp:attachment":[{"href":"https:\/\/kralovany.ecavlos.sk\/index.php?rest_route=%2Fwp%2Fv2%2Fmedia&parent=1535"}],"curies":[{"name":"wp","href":"https:\/\/api.w.org\/{rel}","templated":true}]}}