{"id":1542,"date":"2019-02-28T20:50:04","date_gmt":"2019-02-28T19:50:04","guid":{"rendered":"http:\/\/kralovany.ecavlos.sk\/?page_id=1542"},"modified":"2020-09-03T12:41:20","modified_gmt":"2020-09-03T10:41:20","slug":"2018-2","status":"publish","type":"page","link":"https:\/\/kralovany.ecavlos.sk\/?page_id=1542","title":{"rendered":"2018"},"content":{"rendered":"<p>&nbsp;<\/p>\n<p><span style=\"color: #000000;\">Otvorte pomyseln\u00e9 dvere a uvid\u00edte, \u010do priniesol r. 2018 do n\u00e1\u0161ho cirkevn\u00e9ho zboru<\/span><\/p>\n","protected":false},"excerpt":{"rendered":"<p>&nbsp; Otvorte pomyseln\u00e9 dvere a uvid\u00edte, \u010do priniesol r. 2018 do n\u00e1\u0161ho cirkevn\u00e9ho zboru<\/p>\n","protected":false},"author":1,"featured_media":0,"parent":550,"menu_order":0,"comment_status":"closed","ping_status":"closed","template":"","meta":{"footnotes":""},"class_list":["post-1542","page","type-page","status-publish","hentry"],"_links":{"self":[{"href":"https:\/\/kralovany.ecavlos.sk\/index.php?rest_route=\/wp\/v2\/pages\/1542"}],"collection":[{"href":"https:\/\/kralovany.ecavlos.sk\/index.php?rest_route=\/wp\/v2\/pages"}],"about":[{"href":"https:\/\/kralovany.ecavlos.sk\/index.php?rest_route=\/wp\/v2\/types\/page"}],"author":[{"embeddable":true,"href":"https:\/\/kralovany.ecavlos.sk\/index.php?rest_route=\/wp\/v2\/users\/1"}],"replies":[{"embeddable":true,"href":"https:\/\/kralovany.ecavlos.sk\/index.php?rest_route=%2Fwp%2Fv2%2Fcomments&post=1542"}],"version-history":[{"count":2,"href":"https:\/\/kralovany.ecavlos.sk\/index.php?rest_route=\/wp\/v2\/pages\/1542\/revisions"}],"predecessor-version":[{"id":2296,"href":"https:\/\/kralovany.ecavlos.sk\/index.php?rest_route=\/wp\/v2\/pages\/1542\/revisions\/2296"}],"up":[{"embeddable":true,"href":"https:\/\/kralovany.ecavlos.sk\/index.php?rest_route=\/wp\/v2\/pages\/550"}],"wp:attachment":[{"href":"https:\/\/kralovany.ecavlos.sk\/index.php?rest_route=%2Fwp%2Fv2%2Fmedia&parent=1542"}],"curies":[{"name":"wp","href":"https:\/\/api.w.org\/{rel}","templated":true}]}}