{"id":1545,"date":"2019-02-28T21:03:40","date_gmt":"2019-02-28T20:03:40","guid":{"rendered":"http:\/\/kralovany.ecavlos.sk\/?page_id=1545"},"modified":"2019-03-01T08:21:12","modified_gmt":"2019-03-01T07:21:12","slug":"rozhlasove-sluzby-bozie","status":"publish","type":"page","link":"https:\/\/kralovany.ecavlos.sk\/?page_id=1545","title":{"rendered":"Rozhlasov\u00e9 Slu\u017eby Bo\u017eie"},"content":{"rendered":"<p>&nbsp;<\/p>\n<p>&nbsp;<\/p>\n<p><span style=\"color: #000000;\">D\u0148a 11. novembra 2018 bol v na\u0161om chr\u00e1me Bo\u017eom v Kra\u013eovanoch nahr\u00e1van\u00fd z\u00e1znam slu\u017eieb Bo\u017e\u00edch pre rozhlas.<\/span><\/p>\n<p><span style=\"color: #000000;\">Vysielan\u00fd bol d\u0148a 25. novembra 2018, v posledn\u00fa nede\u013eu cirkevn\u00e9ho roku, ktor\u00e1 sa naz\u00fdva aj Nede\u013eou ve\u010dnosti.<\/span><\/p>\n<p><span style=\"color: #000000;\">Z\u00e1znam je mo\u017en\u00e9 si vypo\u010du\u0165 na adrese:<strong>\u00a0\u00a0\u00a0 <\/strong>https:\/\/slovensko.rtvs.sk\/relacie\/181146\/evanjelicke-sluzby-bozie-z-kralovian<\/span><\/p>\n<p>&nbsp;<\/p>\n<p><img loading=\"lazy\" decoding=\"async\" class=\"alignnone size-medium wp-image-1546\" src=\"http:\/\/kralovany.ecavlos.sk\/wp-content\/uploads\/2019\/02\/DSC02884-300x225.jpg\" alt=\"\" width=\"300\" height=\"225\" srcset=\"https:\/\/kralovany.ecavlos.sk\/wp-content\/uploads\/2019\/02\/DSC02884-300x225.jpg 300w, https:\/\/kralovany.ecavlos.sk\/wp-content\/uploads\/2019\/02\/DSC02884-768x576.jpg 768w, https:\/\/kralovany.ecavlos.sk\/wp-content\/uploads\/2019\/02\/DSC02884-1024x768.jpg 1024w\" sizes=\"(max-width: 300px) 100vw, 300px\" \/>\u00a0\u00a0\u00a0\u00a0\u00a0 <img loading=\"lazy\" decoding=\"async\" class=\"alignnone size-medium wp-image-1547\" src=\"http:\/\/kralovany.ecavlos.sk\/wp-content\/uploads\/2019\/02\/DSC02885-300x225.jpg\" alt=\"\" width=\"300\" height=\"225\" srcset=\"https:\/\/kralovany.ecavlos.sk\/wp-content\/uploads\/2019\/02\/DSC02885-300x225.jpg 300w, https:\/\/kralovany.ecavlos.sk\/wp-content\/uploads\/2019\/02\/DSC02885-768x576.jpg 768w, https:\/\/kralovany.ecavlos.sk\/wp-content\/uploads\/2019\/02\/DSC02885-1024x768.jpg 1024w\" sizes=\"(max-width: 300px) 100vw, 300px\" \/><\/p>\n<p>&nbsp;<\/p>\n","protected":false},"excerpt":{"rendered":"<p>&nbsp; &nbsp; D\u0148a 11. novembra 2018 bol v na\u0161om chr\u00e1me Bo\u017eom v Kra\u013eovanoch nahr\u00e1van\u00fd z\u00e1znam slu\u017eieb Bo\u017e\u00edch pre rozhlas. Vysielan\u00fd bol d\u0148a 25. novembra 2018, v posledn\u00fa nede\u013eu cirkevn\u00e9ho roku, ktor\u00e1 sa naz\u00fdva aj Nede\u013eou ve\u010dnosti. Z\u00e1znam je mo\u017en\u00e9 si vypo\u010du\u0165 na adrese:\u00a0\u00a0\u00a0 https:\/\/slovensko.rtvs.sk\/relacie\/181146\/evanjelicke-sluzby-bozie-z-kralovian &nbsp; \u00a0\u00a0\u00a0\u00a0\u00a0 &nbsp;<\/p>\n","protected":false},"author":1,"featured_media":0,"parent":1542,"menu_order":0,"comment_status":"closed","ping_status":"closed","template":"","meta":{"footnotes":""},"class_list":["post-1545","page","type-page","status-publish","hentry"],"_links":{"self":[{"href":"https:\/\/kralovany.ecavlos.sk\/index.php?rest_route=\/wp\/v2\/pages\/1545"}],"collection":[{"href":"https:\/\/kralovany.ecavlos.sk\/index.php?rest_route=\/wp\/v2\/pages"}],"about":[{"href":"https:\/\/kralovany.ecavlos.sk\/index.php?rest_route=\/wp\/v2\/types\/page"}],"author":[{"embeddable":true,"href":"https:\/\/kralovany.ecavlos.sk\/index.php?rest_route=\/wp\/v2\/users\/1"}],"replies":[{"embeddable":true,"href":"https:\/\/kralovany.ecavlos.sk\/index.php?rest_route=%2Fwp%2Fv2%2Fcomments&post=1545"}],"version-history":[{"count":2,"href":"https:\/\/kralovany.ecavlos.sk\/index.php?rest_route=\/wp\/v2\/pages\/1545\/revisions"}],"predecessor-version":[{"id":1550,"href":"https:\/\/kralovany.ecavlos.sk\/index.php?rest_route=\/wp\/v2\/pages\/1545\/revisions\/1550"}],"up":[{"embeddable":true,"href":"https:\/\/kralovany.ecavlos.sk\/index.php?rest_route=\/wp\/v2\/pages\/1542"}],"wp:attachment":[{"href":"https:\/\/kralovany.ecavlos.sk\/index.php?rest_route=%2Fwp%2Fv2%2Fmedia&parent=1545"}],"curies":[{"name":"wp","href":"https:\/\/api.w.org\/{rel}","templated":true}]}}

Rozhlasové Služby Božie

<p>&nbsp;</p>
<p>&nbsp;</p>
<p><span style="color: #000000;">Dňa 11. novembra 2018 bol v našom chráme Božom v Kraľovanoch nahrávaný záznam služieb Božích pre rozhlas.</span></p>
<p><span style="color: #000000;">Vysielaný bol dňa 25. novembra 2018, v poslednú nedeľu cirkevného roku, ktorá sa nazýva aj Nedeľou večnosti.</span></p>
<p><span style="color: #000000;">Záznam je možné si vypočuť na adrese:<strong>    </strong>https://slovensko.rtvs.sk/relacie/181146/evanjelicke-sluzby-bozie-z-kralovian</span></p>
<p>&nbsp;</p>
<p><img loading="lazy" decoding="async" class="alignnone size-medium wp-image-1546" src="http://kralovany.ecavlos.sk/wp-content/uploads/2019/02/DSC02884-300x225.jpg" alt="" width="300" height="225" srcset="https://kralovany.ecavlos.sk/wp-content/uploads/2019/02/DSC02884-300x225.jpg 300w, https://kralovany.ecavlos.sk/wp-content/uploads/2019/02/DSC02884-768x576.jpg 768w, https://kralovany.ecavlos.sk/wp-content/uploads/2019/02/DSC02884-1024x768.jpg 1024w" sizes="(max-width: 300px) 100vw, 300px" />      <img loading="lazy" decoding="async" class="alignnone size-medium wp-image-1547" src="http://kralovany.ecavlos.sk/wp-content/uploads/2019/02/DSC02885-300x225.jpg" alt="" width="300" height="225" srcset="https://kralovany.ecavlos.sk/wp-content/uploads/2019/02/DSC02885-300x225.jpg 300w, https://kralovany.ecavlos.sk/wp-content/uploads/2019/02/DSC02885-768x576.jpg 768w, https://kralovany.ecavlos.sk/wp-content/uploads/2019/02/DSC02885-1024x768.jpg 1024w" sizes="(max-width: 300px) 100vw, 300px" /></p>
<p>&nbsp;</p>

<p>&nbsp; &nbsp; Dňa 11. novembra 2018 bol v našom chráme Božom v Kraľovanoch nahrávaný záznam služieb Božích pre rozhlas. Vysielaný bol dňa 25. novembra 2018, v poslednú nedeľu cirkevného roku, ktorá sa nazýva aj Nedeľou večnosti. Záznam je možné si vypočuť na adrese:    https://slovensko.rtvs.sk/relacie/181146/evanjelicke-sluzby-bozie-z-kralovian &nbsp;       &nbsp;</p>
