{"id":1631,"date":"2019-03-01T11:51:02","date_gmt":"2019-03-01T10:51:02","guid":{"rendered":"http:\/\/kralovany.ecavlos.sk\/?page_id=1631"},"modified":"2019-03-01T11:51:02","modified_gmt":"2019-03-01T10:51:02","slug":"kolos-2018","status":"publish","type":"page","link":"https:\/\/kralovany.ecavlos.sk\/?page_id=1631","title":{"rendered":"KoLOS 2018"},"content":{"rendered":"<p>&nbsp;<\/p>\n<p><span style=\"color: #000000;\">V\u00a0d\u0148och 4.-8. m\u00e1ja sa u\u017e po 7-kr\u00e1t konalo senior\u00e1lne s\u00fastredenie konfirma\u010dnej a\u00a0pokonfirma\u010dnej ml\u00e1de\u017ee <strong>KOLOS<\/strong>. Tentokr\u00e1t kroky 168 mlad\u00fdch \u013eud\u00ed (z toho troch z\u00a0n\u00e1\u0161ho zboru) smerovali na v\u00fdchod do Juskovej Vole (okr. Vranov nad Top\u013eou). T\u00e9mou tohtoro\u010dn\u00e9ho stretnutia bolo GPS \u2013 God\u00b4s positioning system \u2013 Bo\u017e\u00ed naviga\u010dn\u00fd syst\u00e9m a ka\u017ed\u00fd de\u0148 sa odv\u00edjal k\u00fasok z\u00a0pr\u00edbehu B\u00farka na mori (Mk 4,35-38).<\/span><\/p>\n<p><img loading=\"lazy\" decoding=\"async\" class=\"alignnone size-medium wp-image-1632\" src=\"http:\/\/kralovany.ecavlos.sk\/wp-content\/uploads\/2019\/03\/32153196_2132674293628150_1922890226020122624_n-300x200.jpg\" alt=\"\" width=\"300\" height=\"200\" srcset=\"https:\/\/kralovany.ecavlos.sk\/wp-content\/uploads\/2019\/03\/32153196_2132674293628150_1922890226020122624_n-300x200.jpg 300w, https:\/\/kralovany.ecavlos.sk\/wp-content\/uploads\/2019\/03\/32153196_2132674293628150_1922890226020122624_n-768x512.jpg 768w, https:\/\/kralovany.ecavlos.sk\/wp-content\/uploads\/2019\/03\/32153196_2132674293628150_1922890226020122624_n.jpg 960w\" sizes=\"(max-width: 300px) 100vw, 300px\" \/>\u00a0 <img loading=\"lazy\" decoding=\"async\" class=\"alignnone size-medium wp-image-1633\" src=\"http:\/\/kralovany.ecavlos.sk\/wp-content\/uploads\/2019\/03\/31945870_2132670160295230_6815095642474414080_n-300x200.jpg\" alt=\"\" width=\"300\" height=\"200\" srcset=\"https:\/\/kralovany.ecavlos.sk\/wp-content\/uploads\/2019\/03\/31945870_2132670160295230_6815095642474414080_n-300x200.jpg 300w, https:\/\/kralovany.ecavlos.sk\/wp-content\/uploads\/2019\/03\/31945870_2132670160295230_6815095642474414080_n-768x512.jpg 768w, https:\/\/kralovany.ecavlos.sk\/wp-content\/uploads\/2019\/03\/31945870_2132670160295230_6815095642474414080_n.jpg 960w\" sizes=\"(max-width: 300px) 100vw, 300px\" \/> \u00a0 <img loading=\"lazy\" decoding=\"async\" class=\"alignnone size-medium wp-image-1634\" src=\"http:\/\/kralovany.ecavlos.sk\/wp-content\/uploads\/2019\/03\/32082902_2132667960295450_1161213158015107072_n-300x200.jpg\" alt=\"\" width=\"300\" height=\"200\" srcset=\"https:\/\/kralovany.ecavlos.sk\/wp-content\/uploads\/2019\/03\/32082902_2132667960295450_1161213158015107072_n-300x200.jpg 300w, https:\/\/kralovany.ecavlos.sk\/wp-content\/uploads\/2019\/03\/32082902_2132667960295450_1161213158015107072_n-768x512.jpg 768w, https:\/\/kralovany.ecavlos.sk\/wp-content\/uploads\/2019\/03\/32082902_2132667960295450_1161213158015107072_n.jpg 960w\" sizes=\"(max-width: 300px) 100vw, 300px\" \/>\u00a0 <img loading=\"lazy\" decoding=\"async\" class=\"alignnone size-medium wp-image-1635\" src=\"http:\/\/kralovany.ecavlos.sk\/wp-content\/uploads\/2019\/03\/32087401_2132665060295740_1736457055889260544_n-300x200.jpg\" alt=\"\" width=\"300\" height=\"200\" srcset=\"https:\/\/kralovany.ecavlos.sk\/wp-content\/uploads\/2019\/03\/32087401_2132665060295740_1736457055889260544_n-300x200.jpg 300w, https:\/\/kralovany.ecavlos.sk\/wp-content\/uploads\/2019\/03\/32087401_2132665060295740_1736457055889260544_n-768x512.jpg 768w, https:\/\/kralovany.ecavlos.sk\/wp-content\/uploads\/2019\/03\/32087401_2132665060295740_1736457055889260544_n.jpg 960w\" sizes=\"(max-width: 300px) 100vw, 300px\" \/> \u00a0 <img loading=\"lazy\" decoding=\"async\" class=\"alignnone size-medium wp-image-1636\" src=\"http:\/\/kralovany.ecavlos.sk\/wp-content\/uploads\/2019\/03\/32089610_2132663766962536_2312322822078201856_n-300x200.jpg\" alt=\"\" width=\"300\" height=\"200\" srcset=\"https:\/\/kralovany.ecavlos.sk\/wp-content\/uploads\/2019\/03\/32089610_2132663766962536_2312322822078201856_n-300x200.jpg 300w, https:\/\/kralovany.ecavlos.sk\/wp-content\/uploads\/2019\/03\/32089610_2132663766962536_2312322822078201856_n-768x512.jpg 768w, https:\/\/kralovany.ecavlos.sk\/wp-content\/uploads\/2019\/03\/32089610_2132663766962536_2312322822078201856_n.jpg 960w\" sizes=\"(max-width: 300px) 100vw, 300px\" \/>\u00a0 <img loading=\"lazy\" decoding=\"async\" class=\"alignnone size-medium wp-image-1637\" src=\"http:\/\/kralovany.ecavlos.sk\/wp-content\/uploads\/2019\/03\/32090056_2132661200296126_2636077942181986304_n-300x200.jpg\" alt=\"\" width=\"300\" height=\"200\" srcset=\"https:\/\/kralovany.ecavlos.sk\/wp-content\/uploads\/2019\/03\/32090056_2132661200296126_2636077942181986304_n-300x200.jpg 300w, https:\/\/kralovany.ecavlos.sk\/wp-content\/uploads\/2019\/03\/32090056_2132661200296126_2636077942181986304_n-768x512.jpg 768w, https:\/\/kralovany.ecavlos.sk\/wp-content\/uploads\/2019\/03\/32090056_2132661200296126_2636077942181986304_n.jpg 960w\" sizes=\"(max-width: 300px) 100vw, 300px\" \/> \u00a0 <img loading=\"lazy\" decoding=\"async\" class=\"alignnone size-medium wp-image-1638\" src=\"http:\/\/kralovany.ecavlos.sk\/wp-content\/uploads\/2019\/03\/32105128_2132668250295421_7515235110552076288_n-300x200.jpg\" alt=\"\" width=\"300\" height=\"200\" srcset=\"https:\/\/kralovany.ecavlos.sk\/wp-content\/uploads\/2019\/03\/32105128_2132668250295421_7515235110552076288_n-300x200.jpg 300w, https:\/\/kralovany.ecavlos.sk\/wp-content\/uploads\/2019\/03\/32105128_2132668250295421_7515235110552076288_n-768x512.jpg 768w, https:\/\/kralovany.ecavlos.sk\/wp-content\/uploads\/2019\/03\/32105128_2132668250295421_7515235110552076288_n.jpg 960w\" sizes=\"(max-width: 300px) 100vw, 300px\" \/>\u00a0 <img loading=\"lazy\" decoding=\"async\" class=\"alignnone size-medium wp-image-1639\" src=\"http:\/\/kralovany.ecavlos.sk\/wp-content\/uploads\/2019\/03\/32116676_2132661463629433_153802181869305856_n-300x200.jpg\" alt=\"\" width=\"300\" height=\"200\" srcset=\"https:\/\/kralovany.ecavlos.sk\/wp-content\/uploads\/2019\/03\/32116676_2132661463629433_153802181869305856_n-300x200.jpg 300w, https:\/\/kralovany.ecavlos.sk\/wp-content\/uploads\/2019\/03\/32116676_2132661463629433_153802181869305856_n-768x512.jpg 768w, https:\/\/kralovany.ecavlos.sk\/wp-content\/uploads\/2019\/03\/32116676_2132661463629433_153802181869305856_n.jpg 960w\" sizes=\"(max-width: 300px) 100vw, 300px\" \/>\u00a0 <img loading=\"lazy\" decoding=\"async\" class=\"alignnone size-medium wp-image-1640\" src=\"http:\/\/kralovany.ecavlos.sk\/wp-content\/uploads\/2019\/03\/32169695_2132661640296082_3029675209113206784_n-300x200.jpg\" alt=\"\" width=\"300\" height=\"200\" srcset=\"https:\/\/kralovany.ecavlos.sk\/wp-content\/uploads\/2019\/03\/32169695_2132661640296082_3029675209113206784_n-300x200.jpg 300w, https:\/\/kralovany.ecavlos.sk\/wp-content\/uploads\/2019\/03\/32169695_2132661640296082_3029675209113206784_n-768x512.jpg 768w, https:\/\/kralovany.ecavlos.sk\/wp-content\/uploads\/2019\/03\/32169695_2132661640296082_3029675209113206784_n.jpg 960w\" sizes=\"(max-width: 300px) 100vw, 300px\" \/>\u00a0 <img loading=\"lazy\" decoding=\"async\" class=\"alignnone size-medium wp-image-1641\" src=\"http:\/\/kralovany.ecavlos.sk\/wp-content\/uploads\/2019\/03\/32186500_2132674220294824_5375128257861517312_n-300x200.jpg\" alt=\"\" width=\"300\" height=\"200\" srcset=\"https:\/\/kralovany.ecavlos.sk\/wp-content\/uploads\/2019\/03\/32186500_2132674220294824_5375128257861517312_n-300x200.jpg 300w, https:\/\/kralovany.ecavlos.sk\/wp-content\/uploads\/2019\/03\/32186500_2132674220294824_5375128257861517312_n-768x512.jpg 768w, https:\/\/kralovany.ecavlos.sk\/wp-content\/uploads\/2019\/03\/32186500_2132674220294824_5375128257861517312_n.jpg 960w\" sizes=\"(max-width: 300px) 100vw, 300px\" \/> \u00a0 <img loading=\"lazy\" decoding=\"async\" class=\"alignnone size-medium wp-image-1642\" src=\"http:\/\/kralovany.ecavlos.sk\/wp-content\/uploads\/2019\/03\/32191222_2132674036961509_8138916962395750400_n-300x200.jpg\" alt=\"\" width=\"300\" height=\"200\" srcset=\"https:\/\/kralovany.ecavlos.sk\/wp-content\/uploads\/2019\/03\/32191222_2132674036961509_8138916962395750400_n-300x200.jpg 300w, https:\/\/kralovany.ecavlos.sk\/wp-content\/uploads\/2019\/03\/32191222_2132674036961509_8138916962395750400_n-768x512.jpg 768w, https:\/\/kralovany.ecavlos.sk\/wp-content\/uploads\/2019\/03\/32191222_2132674036961509_8138916962395750400_n.jpg 960w\" sizes=\"(max-width: 300px) 100vw, 300px\" \/>\u00a0 <img loading=\"lazy\" decoding=\"async\" class=\"alignnone size-medium wp-image-1643\" src=\"http:\/\/kralovany.ecavlos.sk\/wp-content\/uploads\/2019\/03\/32207620_2132663703629209_2634907056787685376_n-300x200.jpg\" alt=\"\" width=\"300\" height=\"200\" srcset=\"https:\/\/kralovany.ecavlos.sk\/wp-content\/uploads\/2019\/03\/32207620_2132663703629209_2634907056787685376_n-300x200.jpg 300w, https:\/\/kralovany.ecavlos.sk\/wp-content\/uploads\/2019\/03\/32207620_2132663703629209_2634907056787685376_n-768x512.jpg 768w, https:\/\/kralovany.ecavlos.sk\/wp-content\/uploads\/2019\/03\/32207620_2132663703629209_2634907056787685376_n.jpg 960w\" sizes=\"(max-width: 300px) 100vw, 300px\" \/> \u00a0 <img loading=\"lazy\" decoding=\"async\" class=\"alignnone size-medium wp-image-1644\" src=\"http:\/\/kralovany.ecavlos.sk\/wp-content\/uploads\/2019\/03\/32235708_2132661370296109_3281559639270883328_n-300x200.jpg\" alt=\"\" width=\"300\" height=\"200\" srcset=\"https:\/\/kralovany.ecavlos.sk\/wp-content\/uploads\/2019\/03\/32235708_2132661370296109_3281559639270883328_n-300x200.jpg 300w, https:\/\/kralovany.ecavlos.sk\/wp-content\/uploads\/2019\/03\/32235708_2132661370296109_3281559639270883328_n-768x512.jpg 768w, https:\/\/kralovany.ecavlos.sk\/wp-content\/uploads\/2019\/03\/32235708_2132661370296109_3281559639270883328_n.jpg 960w\" sizes=\"(max-width: 300px) 100vw, 300px\" \/>\u00a0 <img loading=\"lazy\" decoding=\"async\" class=\"alignnone size-medium wp-image-1645\" src=\"http:\/\/kralovany.ecavlos.sk\/wp-content\/uploads\/2019\/03\/32260738_2132660756962837_806446475658657792_n-300x200.jpg\" alt=\"\" width=\"300\" height=\"200\" srcset=\"https:\/\/kralovany.ecavlos.sk\/wp-content\/uploads\/2019\/03\/32260738_2132660756962837_806446475658657792_n-300x200.jpg 300w, https:\/\/kralovany.ecavlos.sk\/wp-content\/uploads\/2019\/03\/32260738_2132660756962837_806446475658657792_n-768x512.jpg 768w, https:\/\/kralovany.ecavlos.sk\/wp-content\/uploads\/2019\/03\/32260738_2132660756962837_806446475658657792_n.jpg 960w\" sizes=\"(max-width: 300px) 100vw, 300px\" \/><\/p>\n","protected":false},"excerpt":{"rendered":"<p>&nbsp; V\u00a0d\u0148och 4.-8. m\u00e1ja sa u\u017e po 7-kr\u00e1t konalo senior\u00e1lne s\u00fastredenie konfirma\u010dnej a\u00a0pokonfirma\u010dnej ml\u00e1de\u017ee KOLOS. Tentokr\u00e1t kroky 168 mlad\u00fdch \u013eud\u00ed (z toho troch z\u00a0n\u00e1\u0161ho zboru) smerovali na v\u00fdchod do Juskovej Vole (okr. Vranov nad Top\u013eou). T\u00e9mou tohtoro\u010dn\u00e9ho stretnutia bolo GPS \u2013 God\u00b4s positioning system \u2013 Bo\u017e\u00ed naviga\u010dn\u00fd syst\u00e9m a ka\u017ed\u00fd de\u0148 sa odv\u00edjal k\u00fasok z\u00a0pr\u00edbehu [&hellip;]<\/p>\n","protected":false},"author":1,"featured_media":0,"parent":1542,"menu_order":0,"comment_status":"closed","ping_status":"closed","template":"","meta":{"footnotes":""},"class_list":["post-1631","page","type-page","status-publish","hentry"],"_links":{"self":[{"href":"https:\/\/kralovany.ecavlos.sk\/index.php?rest_route=\/wp\/v2\/pages\/1631"}],"collection":[{"href":"https:\/\/kralovany.ecavlos.sk\/index.php?rest_route=\/wp\/v2\/pages"}],"about":[{"href":"https:\/\/kralovany.ecavlos.sk\/index.php?rest_route=\/wp\/v2\/types\/page"}],"author":[{"embeddable":true,"href":"https:\/\/kralovany.ecavlos.sk\/index.php?rest_route=\/wp\/v2\/users\/1"}],"replies":[{"embeddable":true,"href":"https:\/\/kralovany.ecavlos.sk\/index.php?rest_route=%2Fwp%2Fv2%2Fcomments&post=1631"}],"version-history":[{"count":1,"href":"https:\/\/kralovany.ecavlos.sk\/index.php?rest_route=\/wp\/v2\/pages\/1631\/revisions"}],"predecessor-version":[{"id":1646,"href":"https:\/\/kralovany.ecavlos.sk\/index.php?rest_route=\/wp\/v2\/pages\/1631\/revisions\/1646"}],"up":[{"embeddable":true,"href":"https:\/\/kralovany.ecavlos.sk\/index.php?rest_route=\/wp\/v2\/pages\/1542"}],"wp:attachment":[{"href":"https:\/\/kralovany.ecavlos.sk\/index.php?rest_route=%2Fwp%2Fv2%2Fmedia&parent=1631"}],"curies":[{"name":"wp","href":"https:\/\/api.w.org\/{rel}","templated":true}]}}