{"id":179,"date":"2017-04-18T17:52:12","date_gmt":"2017-04-18T15:52:12","guid":{"rendered":"http:\/\/kralovany.ecavlos.sk\/?page_id=179"},"modified":"2020-09-04T20:14:43","modified_gmt":"2020-09-04T18:14:43","slug":"kontakt","status":"publish","type":"page","link":"https:\/\/kralovany.ecavlos.sk\/?page_id=179","title":{"rendered":"Kontakt"},"content":{"rendered":"<p>&nbsp;<\/p>\n<p><span style=\"color: #000000;\">Ev. a. v. farsk\u00fd \u00farad<\/span><\/p>\n<p><span style=\"color: #000000;\">Kra\u013eovany 28<\/span><\/p>\n<p><span style=\"color: #000000;\">027 51 Kra\u013eovany<\/span><\/p>\n<p>&nbsp;<\/p>\n<p><span style=\"color: #000000;\">tel.: 043\/589 81 45, 0908 520 593,\u00a0<a style=\"color: #000000;\" href=\"mailto:czkralovany@gmail.com\" target=\"_blank\" rel=\"noopener noreferrer\"><span class=\"il\">czkralovany @gmail.com<\/span><\/a><\/span><\/p>\n<p><span style=\"color: #000000;\">zborov\u00e1 far\u00e1rka &#8211; Mgr. Zuzana Brdiarov\u00e1<\/span><\/p>\n<p><span style=\"color: #000000;\">zborov\u00fd dozorca &#8211; Bohuslav Ku\u0161nierik<\/span><\/p>\n","protected":false},"excerpt":{"rendered":"<p>&nbsp; Ev. a. v. farsk\u00fd \u00farad Kra\u013eovany 28 027 51 Kra\u013eovany &nbsp; tel.: 043\/589 81 45, 0908 520 593,\u00a0czkralovany @gmail.com zborov\u00e1 far\u00e1rka &#8211; Mgr. Zuzana Brdiarov\u00e1 zborov\u00fd dozorca &#8211; Bohuslav Ku\u0161nierik<\/p>\n","protected":false},"author":1,"featured_media":0,"parent":0,"menu_order":0,"comment_status":"closed","ping_status":"closed","template":"","meta":{"footnotes":""},"class_list":["post-179","page","type-page","status-publish","hentry"],"_links":{"self":[{"href":"https:\/\/kralovany.ecavlos.sk\/index.php?rest_route=\/wp\/v2\/pages\/179"}],"collection":[{"href":"https:\/\/kralovany.ecavlos.sk\/index.php?rest_route=\/wp\/v2\/pages"}],"about":[{"href":"https:\/\/kralovany.ecavlos.sk\/index.php?rest_route=\/wp\/v2\/types\/page"}],"author":[{"embeddable":true,"href":"https:\/\/kralovany.ecavlos.sk\/index.php?rest_route=\/wp\/v2\/users\/1"}],"replies":[{"embeddable":true,"href":"https:\/\/kralovany.ecavlos.sk\/index.php?rest_route=%2Fwp%2Fv2%2Fcomments&post=179"}],"version-history":[{"count":5,"href":"https:\/\/kralovany.ecavlos.sk\/index.php?rest_route=\/wp\/v2\/pages\/179\/revisions"}],"predecessor-version":[{"id":2391,"href":"https:\/\/kralovany.ecavlos.sk\/index.php?rest_route=\/wp\/v2\/pages\/179\/revisions\/2391"}],"wp:attachment":[{"href":"https:\/\/kralovany.ecavlos.sk\/index.php?rest_route=%2Fwp%2Fv2%2Fmedia&parent=179"}],"curies":[{"name":"wp","href":"https:\/\/api.w.org\/{rel}","templated":true}]}}