{"id":1855,"date":"2019-08-15T10:30:08","date_gmt":"2019-08-15T08:30:08","guid":{"rendered":"http:\/\/kralovany.ecavlos.sk\/?page_id=1855"},"modified":"2019-08-15T10:30:31","modified_gmt":"2019-08-15T08:30:31","slug":"konfirmacna-slavnost","status":"publish","type":"page","link":"https:\/\/kralovany.ecavlos.sk\/?page_id=1855","title":{"rendered":"Konfirma\u010dn\u00e1 sl\u00e1vnos\u0165"},"content":{"rendered":"<p>&nbsp;<\/p>\n<p><span style=\"color: #000000;\">Po dvojro\u010dnej pr\u00edprave sa d\u0148a 2. j\u00fana 2019, v nede\u013eu po Vst\u00fapen\u00ed, konala konfirma\u010dn\u00e1 sl\u00e1vnos\u0165. Traja mlad\u00ed \u013eudia sa stali dospel\u00fdmi \u010dlenmi n\u00e1\u0161ho cirkevn\u00e9ho zboru. T\u00fa v\u00fdznamn\u00fa chv\u00ed\u013eu, ke\u010f vyzn\u00e1vali svoju vieru v Trojjedin\u00e9ho Boha, ke\u010f s\u013eubovali vernos\u0165 Jemu a svojej cirkvi a ke\u010f prv\u00fd kr\u00e1t prist\u00fapili k sviatosti Ve\u010dere P\u00e1novej sme pre\u017e\u00edvali s nimi. Zaspom\u00ednajme si na sl\u00e1vnos\u0165 prostredn\u00edctvom nieko\u013ek\u00fdch fotiek.<\/span><\/p>\n<p>&nbsp;<\/p>\n<p><img loading=\"lazy\" decoding=\"async\" class=\"alignnone size-medium wp-image-1856\" src=\"http:\/\/kralovany.ecavlos.sk\/wp-content\/uploads\/2019\/08\/MG_2643-300x200.jpg\" alt=\"\" width=\"300\" height=\"200\" srcset=\"https:\/\/kralovany.ecavlos.sk\/wp-content\/uploads\/2019\/08\/MG_2643-300x200.jpg 300w, https:\/\/kralovany.ecavlos.sk\/wp-content\/uploads\/2019\/08\/MG_2643-768x512.jpg 768w, https:\/\/kralovany.ecavlos.sk\/wp-content\/uploads\/2019\/08\/MG_2643-1024x683.jpg 1024w\" sizes=\"(max-width: 300px) 100vw, 300px\" \/> <img loading=\"lazy\" decoding=\"async\" class=\"alignnone size-medium wp-image-1857\" src=\"http:\/\/kralovany.ecavlos.sk\/wp-content\/uploads\/2019\/08\/MG_2657-200x300.jpg\" alt=\"\" width=\"200\" height=\"300\" srcset=\"https:\/\/kralovany.ecavlos.sk\/wp-content\/uploads\/2019\/08\/MG_2657-200x300.jpg 200w, https:\/\/kralovany.ecavlos.sk\/wp-content\/uploads\/2019\/08\/MG_2657-768x1152.jpg 768w, https:\/\/kralovany.ecavlos.sk\/wp-content\/uploads\/2019\/08\/MG_2657-683x1024.jpg 683w\" sizes=\"(max-width: 200px) 100vw, 200px\" \/>\u00a0 <img loading=\"lazy\" decoding=\"async\" class=\"alignnone size-medium wp-image-1859\" src=\"http:\/\/kralovany.ecavlos.sk\/wp-content\/uploads\/2019\/08\/MG_2667-300x200.jpg\" alt=\"\" width=\"300\" height=\"200\" srcset=\"https:\/\/kralovany.ecavlos.sk\/wp-content\/uploads\/2019\/08\/MG_2667-300x200.jpg 300w, https:\/\/kralovany.ecavlos.sk\/wp-content\/uploads\/2019\/08\/MG_2667-768x512.jpg 768w, https:\/\/kralovany.ecavlos.sk\/wp-content\/uploads\/2019\/08\/MG_2667-1024x683.jpg 1024w\" sizes=\"(max-width: 300px) 100vw, 300px\" \/> <img loading=\"lazy\" decoding=\"async\" class=\"alignnone size-medium wp-image-1860\" src=\"http:\/\/kralovany.ecavlos.sk\/wp-content\/uploads\/2019\/08\/MG_2679-300x200.jpg\" alt=\"\" width=\"300\" height=\"200\" srcset=\"https:\/\/kralovany.ecavlos.sk\/wp-content\/uploads\/2019\/08\/MG_2679-300x200.jpg 300w, https:\/\/kralovany.ecavlos.sk\/wp-content\/uploads\/2019\/08\/MG_2679-768x512.jpg 768w, https:\/\/kralovany.ecavlos.sk\/wp-content\/uploads\/2019\/08\/MG_2679-1024x683.jpg 1024w\" sizes=\"(max-width: 300px) 100vw, 300px\" \/>\u00a0\u00a0\u00a0\u00a0\u00a0 <img loading=\"lazy\" decoding=\"async\" class=\"alignnone size-medium wp-image-1866\" src=\"http:\/\/kralovany.ecavlos.sk\/wp-content\/uploads\/2019\/08\/MG_2717-300x200.jpg\" alt=\"\" width=\"300\" height=\"200\" srcset=\"https:\/\/kralovany.ecavlos.sk\/wp-content\/uploads\/2019\/08\/MG_2717-300x200.jpg 300w, https:\/\/kralovany.ecavlos.sk\/wp-content\/uploads\/2019\/08\/MG_2717-768x512.jpg 768w, https:\/\/kralovany.ecavlos.sk\/wp-content\/uploads\/2019\/08\/MG_2717-1024x683.jpg 1024w\" sizes=\"(max-width: 300px) 100vw, 300px\" \/>\u00a0 <img loading=\"lazy\" decoding=\"async\" class=\"alignnone size-medium wp-image-1868\" src=\"http:\/\/kralovany.ecavlos.sk\/wp-content\/uploads\/2019\/08\/MG_2748-200x300.jpg\" alt=\"\" width=\"200\" height=\"300\" srcset=\"https:\/\/kralovany.ecavlos.sk\/wp-content\/uploads\/2019\/08\/MG_2748-200x300.jpg 200w, https:\/\/kralovany.ecavlos.sk\/wp-content\/uploads\/2019\/08\/MG_2748-768x1152.jpg 768w, https:\/\/kralovany.ecavlos.sk\/wp-content\/uploads\/2019\/08\/MG_2748-683x1024.jpg 683w\" sizes=\"(max-width: 200px) 100vw, 200px\" \/> <img loading=\"lazy\" decoding=\"async\" class=\"alignnone size-medium wp-image-1869\" src=\"http:\/\/kralovany.ecavlos.sk\/wp-content\/uploads\/2019\/08\/MG_2756-200x300.jpg\" alt=\"\" width=\"200\" height=\"300\" srcset=\"https:\/\/kralovany.ecavlos.sk\/wp-content\/uploads\/2019\/08\/MG_2756-200x300.jpg 200w, https:\/\/kralovany.ecavlos.sk\/wp-content\/uploads\/2019\/08\/MG_2756-768x1152.jpg 768w, https:\/\/kralovany.ecavlos.sk\/wp-content\/uploads\/2019\/08\/MG_2756-683x1024.jpg 683w\" sizes=\"(max-width: 200px) 100vw, 200px\" \/> <img loading=\"lazy\" decoding=\"async\" class=\"alignnone size-medium wp-image-1870\" src=\"http:\/\/kralovany.ecavlos.sk\/wp-content\/uploads\/2019\/08\/MG_2766-200x300.jpg\" alt=\"\" width=\"200\" height=\"300\" srcset=\"https:\/\/kralovany.ecavlos.sk\/wp-content\/uploads\/2019\/08\/MG_2766-200x300.jpg 200w, https:\/\/kralovany.ecavlos.sk\/wp-content\/uploads\/2019\/08\/MG_2766-768x1152.jpg 768w, https:\/\/kralovany.ecavlos.sk\/wp-content\/uploads\/2019\/08\/MG_2766-683x1024.jpg 683w\" sizes=\"(max-width: 200px) 100vw, 200px\" \/>\u00a0\u00a0\u00a0 <img loading=\"lazy\" decoding=\"async\" class=\"alignnone size-medium wp-image-1874\" src=\"http:\/\/kralovany.ecavlos.sk\/wp-content\/uploads\/2019\/08\/MG_2826-300x200.jpg\" alt=\"\" width=\"300\" height=\"200\" srcset=\"https:\/\/kralovany.ecavlos.sk\/wp-content\/uploads\/2019\/08\/MG_2826-300x200.jpg 300w, https:\/\/kralovany.ecavlos.sk\/wp-content\/uploads\/2019\/08\/MG_2826-768x512.jpg 768w, https:\/\/kralovany.ecavlos.sk\/wp-content\/uploads\/2019\/08\/MG_2826-1024x683.jpg 1024w\" sizes=\"(max-width: 300px) 100vw, 300px\" \/> <img loading=\"lazy\" decoding=\"async\" class=\"alignnone size-medium wp-image-1875\" src=\"http:\/\/kralovany.ecavlos.sk\/wp-content\/uploads\/2019\/08\/MG_2851-300x200.jpg\" alt=\"\" width=\"300\" height=\"200\" srcset=\"https:\/\/kralovany.ecavlos.sk\/wp-content\/uploads\/2019\/08\/MG_2851-300x200.jpg 300w, https:\/\/kralovany.ecavlos.sk\/wp-content\/uploads\/2019\/08\/MG_2851-768x512.jpg 768w, https:\/\/kralovany.ecavlos.sk\/wp-content\/uploads\/2019\/08\/MG_2851-1024x683.jpg 1024w\" sizes=\"(max-width: 300px) 100vw, 300px\" \/> <img loading=\"lazy\" decoding=\"async\" class=\"alignnone size-medium wp-image-1876\" src=\"http:\/\/kralovany.ecavlos.sk\/wp-content\/uploads\/2019\/08\/MG_2853-300x200.jpg\" alt=\"\" width=\"300\" height=\"200\" srcset=\"https:\/\/kralovany.ecavlos.sk\/wp-content\/uploads\/2019\/08\/MG_2853-300x200.jpg 300w, https:\/\/kralovany.ecavlos.sk\/wp-content\/uploads\/2019\/08\/MG_2853-768x512.jpg 768w, https:\/\/kralovany.ecavlos.sk\/wp-content\/uploads\/2019\/08\/MG_2853-1024x683.jpg 1024w\" sizes=\"(max-width: 300px) 100vw, 300px\" \/><\/p>\n","protected":false},"excerpt":{"rendered":"<p>&nbsp; Po dvojro\u010dnej pr\u00edprave sa d\u0148a 2. j\u00fana 2019, v nede\u013eu po Vst\u00fapen\u00ed, konala konfirma\u010dn\u00e1 sl\u00e1vnos\u0165. Traja mlad\u00ed \u013eudia sa stali dospel\u00fdmi \u010dlenmi n\u00e1\u0161ho cirkevn\u00e9ho zboru. T\u00fa v\u00fdznamn\u00fa chv\u00ed\u013eu, ke\u010f vyzn\u00e1vali svoju vieru v Trojjedin\u00e9ho Boha, ke\u010f s\u013eubovali vernos\u0165 Jemu a svojej cirkvi a ke\u010f prv\u00fd kr\u00e1t prist\u00fapili k sviatosti Ve\u010dere P\u00e1novej sme pre\u017e\u00edvali s [&hellip;]<\/p>\n","protected":false},"author":1,"featured_media":0,"parent":1806,"menu_order":0,"comment_status":"closed","ping_status":"closed","template":"","meta":{"footnotes":""},"class_list":["post-1855","page","type-page","status-publish","hentry"],"_links":{"self":[{"href":"https:\/\/kralovany.ecavlos.sk\/index.php?rest_route=\/wp\/v2\/pages\/1855"}],"collection":[{"href":"https:\/\/kralovany.ecavlos.sk\/index.php?rest_route=\/wp\/v2\/pages"}],"about":[{"href":"https:\/\/kralovany.ecavlos.sk\/index.php?rest_route=\/wp\/v2\/types\/page"}],"author":[{"embeddable":true,"href":"https:\/\/kralovany.ecavlos.sk\/index.php?rest_route=\/wp\/v2\/users\/1"}],"replies":[{"embeddable":true,"href":"https:\/\/kralovany.ecavlos.sk\/index.php?rest_route=%2Fwp%2Fv2%2Fcomments&post=1855"}],"version-history":[{"count":1,"href":"https:\/\/kralovany.ecavlos.sk\/index.php?rest_route=\/wp\/v2\/pages\/1855\/revisions"}],"predecessor-version":[{"id":1881,"href":"https:\/\/kralovany.ecavlos.sk\/index.php?rest_route=\/wp\/v2\/pages\/1855\/revisions\/1881"}],"up":[{"embeddable":true,"href":"https:\/\/kralovany.ecavlos.sk\/index.php?rest_route=\/wp\/v2\/pages\/1806"}],"wp:attachment":[{"href":"https:\/\/kralovany.ecavlos.sk\/index.php?rest_route=%2Fwp%2Fv2%2Fmedia&parent=1855"}],"curies":[{"name":"wp","href":"https:\/\/api.w.org\/{rel}","templated":true}]}}