{"id":1996,"date":"2019-10-07T21:59:21","date_gmt":"2019-10-07T19:59:21","guid":{"rendered":"http:\/\/kralovany.ecavlos.sk\/?page_id=1996"},"modified":"2019-10-07T21:59:21","modified_gmt":"2019-10-07T19:59:21","slug":"podakovanie-za-urodu","status":"publish","type":"page","link":"https:\/\/kralovany.ecavlos.sk\/?page_id=1996","title":{"rendered":"Po\u010fakovanie za \u00farodu"},"content":{"rendered":"<p>&nbsp;<\/p>\n<p><span style=\"color: #000000;\">V nede\u013eu, 6. okt\u00f3bra, sme v chr\u00e1me Bo\u017eom P\u00e1nu Bohu \u010fakovali za \u00farodu, ktor\u00fa n\u00e1m zo svojej milosti dal, a tak sa op\u00e4\u0165 raz postaral o ka\u017edodenn\u00fd chlieb pre n\u00e1s a na\u0161e rodiny.\u00a0 Z\u00e1rove\u0148 sme mali mo\u017enos\u0165 po spovedi prist\u00fapi\u0165 k \u0161tedroprestret\u00e9mu stolu P\u00e1novmu, a tak s\u00fdti\u0165 svoju du\u0161u Bo\u017eou milos\u0165ou nad na\u0161imi vyznan\u00fdmi a o\u013eutovan\u00fdmi hriechmi.\u00a0 <\/span><\/p>\n<p><img loading=\"lazy\" decoding=\"async\" class=\"alignnone size-medium wp-image-1997\" src=\"http:\/\/kralovany.ecavlos.sk\/wp-content\/uploads\/2019\/10\/IMG_20191006_091244-225x300.jpg\" alt=\"\" width=\"225\" height=\"300\" srcset=\"https:\/\/kralovany.ecavlos.sk\/wp-content\/uploads\/2019\/10\/IMG_20191006_091244-225x300.jpg 225w, https:\/\/kralovany.ecavlos.sk\/wp-content\/uploads\/2019\/10\/IMG_20191006_091244-768x1024.jpg 768w\" sizes=\"(max-width: 225px) 100vw, 225px\" \/>\u00a0 <img loading=\"lazy\" decoding=\"async\" class=\"alignnone size-medium wp-image-1998\" src=\"http:\/\/kralovany.ecavlos.sk\/wp-content\/uploads\/2019\/10\/IMG_20191006_084255-300x225.jpg\" alt=\"\" width=\"300\" height=\"225\" srcset=\"https:\/\/kralovany.ecavlos.sk\/wp-content\/uploads\/2019\/10\/IMG_20191006_084255-300x225.jpg 300w, https:\/\/kralovany.ecavlos.sk\/wp-content\/uploads\/2019\/10\/IMG_20191006_084255-768x576.jpg 768w, https:\/\/kralovany.ecavlos.sk\/wp-content\/uploads\/2019\/10\/IMG_20191006_084255-1024x768.jpg 1024w\" sizes=\"(max-width: 300px) 100vw, 300px\" \/>\u00a0 <img loading=\"lazy\" decoding=\"async\" class=\"alignnone size-medium wp-image-1999\" src=\"http:\/\/kralovany.ecavlos.sk\/wp-content\/uploads\/2019\/10\/IMG_20191006_083853-225x300.jpg\" alt=\"\" width=\"225\" height=\"300\" srcset=\"https:\/\/kralovany.ecavlos.sk\/wp-content\/uploads\/2019\/10\/IMG_20191006_083853-225x300.jpg 225w, https:\/\/kralovany.ecavlos.sk\/wp-content\/uploads\/2019\/10\/IMG_20191006_083853-768x1024.jpg 768w\" sizes=\"(max-width: 225px) 100vw, 225px\" \/>\u00a0 <img loading=\"lazy\" decoding=\"async\" class=\"alignnone size-medium wp-image-2001\" src=\"http:\/\/kralovany.ecavlos.sk\/wp-content\/uploads\/2019\/10\/IMG_20191006_083831-225x300.jpg\" alt=\"\" width=\"225\" height=\"300\" srcset=\"https:\/\/kralovany.ecavlos.sk\/wp-content\/uploads\/2019\/10\/IMG_20191006_083831-225x300.jpg 225w, https:\/\/kralovany.ecavlos.sk\/wp-content\/uploads\/2019\/10\/IMG_20191006_083831-768x1024.jpg 768w\" sizes=\"(max-width: 225px) 100vw, 225px\" \/> \u00a0<img loading=\"lazy\" decoding=\"async\" class=\"alignnone size-medium wp-image-2003\" src=\"http:\/\/kralovany.ecavlos.sk\/wp-content\/uploads\/2019\/10\/IMG_20191006_084306-300x225.jpg\" alt=\"\" width=\"300\" height=\"225\" srcset=\"https:\/\/kralovany.ecavlos.sk\/wp-content\/uploads\/2019\/10\/IMG_20191006_084306-300x225.jpg 300w, https:\/\/kralovany.ecavlos.sk\/wp-content\/uploads\/2019\/10\/IMG_20191006_084306-768x576.jpg 768w, https:\/\/kralovany.ecavlos.sk\/wp-content\/uploads\/2019\/10\/IMG_20191006_084306-1024x768.jpg 1024w\" sizes=\"(max-width: 300px) 100vw, 300px\" \/>\u00a0 <img loading=\"lazy\" decoding=\"async\" class=\"alignnone size-medium wp-image-2002\" src=\"http:\/\/kralovany.ecavlos.sk\/wp-content\/uploads\/2019\/10\/IMG_20191006_084620-225x300.jpg\" alt=\"\" width=\"225\" height=\"300\" srcset=\"https:\/\/kralovany.ecavlos.sk\/wp-content\/uploads\/2019\/10\/IMG_20191006_084620-225x300.jpg 225w, https:\/\/kralovany.ecavlos.sk\/wp-content\/uploads\/2019\/10\/IMG_20191006_084620-768x1024.jpg 768w\" sizes=\"(max-width: 225px) 100vw, 225px\" \/> \u00a0\u00a0 <img loading=\"lazy\" decoding=\"async\" class=\"alignnone size-medium wp-image-2004\" src=\"http:\/\/kralovany.ecavlos.sk\/wp-content\/uploads\/2019\/10\/IMG_20191006_090712-300x225.jpg\" alt=\"\" width=\"300\" height=\"225\" srcset=\"https:\/\/kralovany.ecavlos.sk\/wp-content\/uploads\/2019\/10\/IMG_20191006_090712-300x225.jpg 300w, https:\/\/kralovany.ecavlos.sk\/wp-content\/uploads\/2019\/10\/IMG_20191006_090712-768x576.jpg 768w, https:\/\/kralovany.ecavlos.sk\/wp-content\/uploads\/2019\/10\/IMG_20191006_090712-1024x768.jpg 1024w\" sizes=\"(max-width: 300px) 100vw, 300px\" \/>\u00a0 <img loading=\"lazy\" decoding=\"async\" class=\"alignnone size-medium wp-image-2005\" src=\"http:\/\/kralovany.ecavlos.sk\/wp-content\/uploads\/2019\/10\/IMG_20191006_090719-300x225.jpg\" alt=\"\" width=\"300\" height=\"225\" srcset=\"https:\/\/kralovany.ecavlos.sk\/wp-content\/uploads\/2019\/10\/IMG_20191006_090719-300x225.jpg 300w, https:\/\/kralovany.ecavlos.sk\/wp-content\/uploads\/2019\/10\/IMG_20191006_090719-768x576.jpg 768w, https:\/\/kralovany.ecavlos.sk\/wp-content\/uploads\/2019\/10\/IMG_20191006_090719-1024x768.jpg 1024w\" sizes=\"(max-width: 300px) 100vw, 300px\" \/><\/p>\n<p>&nbsp;<\/p>\n","protected":false},"excerpt":{"rendered":"<p>&nbsp; V nede\u013eu, 6. okt\u00f3bra, sme v chr\u00e1me Bo\u017eom P\u00e1nu Bohu \u010fakovali za \u00farodu, ktor\u00fa n\u00e1m zo svojej milosti dal, a tak sa op\u00e4\u0165 raz postaral o ka\u017edodenn\u00fd chlieb pre n\u00e1s a na\u0161e rodiny.\u00a0 Z\u00e1rove\u0148 sme mali mo\u017enos\u0165 po spovedi prist\u00fapi\u0165 k \u0161tedroprestret\u00e9mu stolu P\u00e1novmu, a tak s\u00fdti\u0165 svoju du\u0161u Bo\u017eou milos\u0165ou nad na\u0161imi vyznan\u00fdmi [&hellip;]<\/p>\n","protected":false},"author":1,"featured_media":0,"parent":1806,"menu_order":0,"comment_status":"closed","ping_status":"closed","template":"","meta":{"footnotes":""},"class_list":["post-1996","page","type-page","status-publish","hentry"],"_links":{"self":[{"href":"https:\/\/kralovany.ecavlos.sk\/index.php?rest_route=\/wp\/v2\/pages\/1996"}],"collection":[{"href":"https:\/\/kralovany.ecavlos.sk\/index.php?rest_route=\/wp\/v2\/pages"}],"about":[{"href":"https:\/\/kralovany.ecavlos.sk\/index.php?rest_route=\/wp\/v2\/types\/page"}],"author":[{"embeddable":true,"href":"https:\/\/kralovany.ecavlos.sk\/index.php?rest_route=\/wp\/v2\/users\/1"}],"replies":[{"embeddable":true,"href":"https:\/\/kralovany.ecavlos.sk\/index.php?rest_route=%2Fwp%2Fv2%2Fcomments&post=1996"}],"version-history":[{"count":1,"href":"https:\/\/kralovany.ecavlos.sk\/index.php?rest_route=\/wp\/v2\/pages\/1996\/revisions"}],"predecessor-version":[{"id":2006,"href":"https:\/\/kralovany.ecavlos.sk\/index.php?rest_route=\/wp\/v2\/pages\/1996\/revisions\/2006"}],"up":[{"embeddable":true,"href":"https:\/\/kralovany.ecavlos.sk\/index.php?rest_route=\/wp\/v2\/pages\/1806"}],"wp:attachment":[{"href":"https:\/\/kralovany.ecavlos.sk\/index.php?rest_route=%2Fwp%2Fv2%2Fmedia&parent=1996"}],"curies":[{"name":"wp","href":"https:\/\/api.w.org\/{rel}","templated":true}]}}