{"id":277,"date":"2017-04-25T12:31:33","date_gmt":"2017-04-25T10:31:33","guid":{"rendered":"http:\/\/kralovany.ecavlos.sk\/?page_id=277"},"modified":"2018-01-22T23:35:04","modified_gmt":"2018-01-22T22:35:04","slug":"zborovy-casopis","status":"publish","type":"page","link":"https:\/\/kralovany.ecavlos.sk\/?page_id=277","title":{"rendered":"Zborov\u00fd \u010dasopis 2017"},"content":{"rendered":"<p><a href=\"http:\/\/kralovany.ecavlos.sk\/wp-content\/uploads\/2017\/04\/zborov\u00fd-\u010dasopis-\u010d.-1.pdf\">zborov\u00fd \u010dasopis \u010d. 1<\/a><\/p>\n<p><a href=\"http:\/\/kralovany.ecavlos.sk\/wp-content\/uploads\/2017\/04\/zborov\u00fd-\u010dasopis-\u010d.-2.pdf\">zborov\u00fd \u010dasopis \u010d. 2<\/a><\/p>\n<p><a href=\"http:\/\/kralovany.ecavlos.sk\/wp-content\/uploads\/2017\/04\/zborov\u00fd-\u010dasopis-\u010d.-3.pdf\">zborov\u00fd \u010dasopis \u010d. 3<\/a><\/p>\n<p><a href=\"http:\/\/kralovany.ecavlos.sk\/wp-content\/uploads\/2017\/04\/zborov\u00fd-\u010dasopis-\u010d.-4.pdf\">zborov\u00fd \u010dasopis \u010d. 4<\/a><\/p>\n<p>&nbsp;<\/p>\n","protected":false},"excerpt":{"rendered":"<p>zborov\u00fd \u010dasopis \u010d. 1 zborov\u00fd \u010dasopis \u010d. 2 zborov\u00fd \u010dasopis \u010d. 3 zborov\u00fd \u010dasopis \u010d. 4 &nbsp;<\/p>\n","protected":false},"author":1,"featured_media":0,"parent":2,"menu_order":0,"comment_status":"closed","ping_status":"closed","template":"","meta":{"footnotes":""},"class_list":["post-277","page","type-page","status-publish","hentry"],"_links":{"self":[{"href":"https:\/\/kralovany.ecavlos.sk\/index.php?rest_route=\/wp\/v2\/pages\/277"}],"collection":[{"href":"https:\/\/kralovany.ecavlos.sk\/index.php?rest_route=\/wp\/v2\/pages"}],"about":[{"href":"https:\/\/kralovany.ecavlos.sk\/index.php?rest_route=\/wp\/v2\/types\/page"}],"author":[{"embeddable":true,"href":"https:\/\/kralovany.ecavlos.sk\/index.php?rest_route=\/wp\/v2\/users\/1"}],"replies":[{"embeddable":true,"href":"https:\/\/kralovany.ecavlos.sk\/index.php?rest_route=%2Fwp%2Fv2%2Fcomments&post=277"}],"version-history":[{"count":6,"href":"https:\/\/kralovany.ecavlos.sk\/index.php?rest_route=\/wp\/v2\/pages\/277\/revisions"}],"predecessor-version":[{"id":964,"href":"https:\/\/kralovany.ecavlos.sk\/index.php?rest_route=\/wp\/v2\/pages\/277\/revisions\/964"}],"up":[{"embeddable":true,"href":"https:\/\/kralovany.ecavlos.sk\/index.php?rest_route=\/wp\/v2\/pages\/2"}],"wp:attachment":[{"href":"https:\/\/kralovany.ecavlos.sk\/index.php?rest_route=%2Fwp%2Fv2%2Fmedia&parent=277"}],"curies":[{"name":"wp","href":"https:\/\/api.w.org\/{rel}","templated":true}]}}