{"id":3119,"date":"2023-10-25T19:42:01","date_gmt":"2023-10-25T17:42:01","guid":{"rendered":"http:\/\/kralovany.ecavlos.sk\/?page_id=3119"},"modified":"2023-10-25T19:43:36","modified_gmt":"2023-10-25T17:43:36","slug":"pamiatka-posvatenia-chramu","status":"publish","type":"page","link":"https:\/\/kralovany.ecavlos.sk\/?page_id=3119","title":{"rendered":"Pamiatka posv\u00e4tenia chr\u00e1mu 2023"},"content":{"rendered":"\n<p><\/p>\n\n\n\n<p><mark style=\"background-color:rgba(0, 0, 0, 0)\" class=\"has-inline-color has-black-color\">D\u0148a 19. okt\u00f3bra 2023 uplynulo 110. rokov od posv\u00e4tenia chr\u00e1mu Bo\u017eieho. Pri tejto pr\u00edle\u017eitosti sa v nede\u013eu, 22. okt\u00f3bra 2023, konali sl\u00e1vnostn\u00e9 slu\u017eby Bo\u017eie. Program svojou pies\u0148ou obohatil zborov\u00fd spevokol. O narodenin\u00e1m n\u00e1\u0161ho kostola sa rozpr\u00e1vali aj deti na detskej besiedky. Po tom, ako si vyrobili papierov\u00fd kostol, vst\u00fapili do toho n\u00e1\u0161ho skuto\u010dn\u00e9ho a spozn\u00e1vali jeho jednotliv\u00e9 \u010dasti.<\/mark><\/p>\n\n\n\n<figure class=\"wp-block-gallery has-nested-images columns-default wp-block-gallery-1 is-layout-flex wp-block-gallery-is-layout-flex\">\n<figure class=\"wp-block-image size-large\"><img loading=\"lazy\" decoding=\"async\" width=\"1024\" height=\"768\" data-id=\"3121\" src=\"http:\/\/kralovany.ecavlos.sk\/wp-content\/uploads\/2023\/10\/394341097_1421739441709528_6948425043303300055_n-1-1024x768.jpg\" alt=\"\" class=\"wp-image-3121\" srcset=\"https:\/\/kralovany.ecavlos.sk\/wp-content\/uploads\/2023\/10\/394341097_1421739441709528_6948425043303300055_n-1-1024x768.jpg 1024w, https:\/\/kralovany.ecavlos.sk\/wp-content\/uploads\/2023\/10\/394341097_1421739441709528_6948425043303300055_n-1-300x225.jpg 300w, https:\/\/kralovany.ecavlos.sk\/wp-content\/uploads\/2023\/10\/394341097_1421739441709528_6948425043303300055_n-1-768x576.jpg 768w, https:\/\/kralovany.ecavlos.sk\/wp-content\/uploads\/2023\/10\/394341097_1421739441709528_6948425043303300055_n-1-1536x1152.jpg 1536w, https:\/\/kralovany.ecavlos.sk\/wp-content\/uploads\/2023\/10\/394341097_1421739441709528_6948425043303300055_n-1.jpg 2032w\" sizes=\"(max-width: 1024px) 100vw, 1024px\" \/><\/figure>\n\n\n\n<figure class=\"wp-block-image size-large\"><img loading=\"lazy\" decoding=\"async\" width=\"576\" height=\"1024\" data-id=\"3122\" src=\"http:\/\/kralovany.ecavlos.sk\/wp-content\/uploads\/2023\/10\/394394344_1421739918376147_3068659333014626735_n-576x1024.jpg\" alt=\"\" class=\"wp-image-3122\" srcset=\"https:\/\/kralovany.ecavlos.sk\/wp-content\/uploads\/2023\/10\/394394344_1421739918376147_3068659333014626735_n-576x1024.jpg 576w, https:\/\/kralovany.ecavlos.sk\/wp-content\/uploads\/2023\/10\/394394344_1421739918376147_3068659333014626735_n-169x300.jpg 169w, https:\/\/kralovany.ecavlos.sk\/wp-content\/uploads\/2023\/10\/394394344_1421739918376147_3068659333014626735_n-768x1365.jpg 768w, https:\/\/kralovany.ecavlos.sk\/wp-content\/uploads\/2023\/10\/394394344_1421739918376147_3068659333014626735_n-864x1536.jpg 864w, https:\/\/kralovany.ecavlos.sk\/wp-content\/uploads\/2023\/10\/394394344_1421739918376147_3068659333014626735_n.jpg 1152w\" sizes=\"(max-width: 576px) 100vw, 576px\" \/><\/figure>\n\n\n\n<figure class=\"wp-block-image size-large is-style-default\"><img loading=\"lazy\" decoding=\"async\" width=\"366\" height=\"206\" data-id=\"3123\" src=\"http:\/\/kralovany.ecavlos.sk\/wp-content\/uploads\/2023\/10\/394330164_1421740211709451_8495706347633103307_n.jpg\" alt=\"\" class=\"wp-image-3123\" srcset=\"https:\/\/kralovany.ecavlos.sk\/wp-content\/uploads\/2023\/10\/394330164_1421740211709451_8495706347633103307_n.jpg 366w, https:\/\/kralovany.ecavlos.sk\/wp-content\/uploads\/2023\/10\/394330164_1421740211709451_8495706347633103307_n-300x169.jpg 300w\" sizes=\"(max-width: 366px) 100vw, 366px\" \/><\/figure>\n\n\n\n<figure class=\"wp-block-image size-large\"><img loading=\"lazy\" decoding=\"async\" width=\"366\" height=\"206\" data-id=\"3124\" src=\"http:\/\/kralovany.ecavlos.sk\/wp-content\/uploads\/2023\/10\/394669586_1421740281709444_841043520535111456_n.jpg\" alt=\"\" class=\"wp-image-3124\" srcset=\"https:\/\/kralovany.ecavlos.sk\/wp-content\/uploads\/2023\/10\/394669586_1421740281709444_841043520535111456_n.jpg 366w, https:\/\/kralovany.ecavlos.sk\/wp-content\/uploads\/2023\/10\/394669586_1421740281709444_841043520535111456_n-300x169.jpg 300w\" sizes=\"(max-width: 366px) 100vw, 366px\" \/><\/figure>\n\n\n\n<figure class=\"wp-block-image size-large\"><img loading=\"lazy\" decoding=\"async\" width=\"768\" height=\"1024\" data-id=\"3120\" src=\"http:\/\/kralovany.ecavlos.sk\/wp-content\/uploads\/2023\/10\/394318890_1421739545042851_4321530751210361833_n-768x1024.jpg\" alt=\"\" class=\"wp-image-3120\" srcset=\"https:\/\/kralovany.ecavlos.sk\/wp-content\/uploads\/2023\/10\/394318890_1421739545042851_4321530751210361833_n-768x1024.jpg 768w, https:\/\/kralovany.ecavlos.sk\/wp-content\/uploads\/2023\/10\/394318890_1421739545042851_4321530751210361833_n-225x300.jpg 225w, https:\/\/kralovany.ecavlos.sk\/wp-content\/uploads\/2023\/10\/394318890_1421739545042851_4321530751210361833_n-1152x1536.jpg 1152w, https:\/\/kralovany.ecavlos.sk\/wp-content\/uploads\/2023\/10\/394318890_1421739545042851_4321530751210361833_n.jpg 1524w\" sizes=\"(max-width: 768px) 100vw, 768px\" \/><\/figure>\n<\/figure>\n","protected":false},"excerpt":{"rendered":"<p>D\u0148a 19. okt\u00f3bra 2023 uplynulo 110. rokov od posv\u00e4tenia chr\u00e1mu Bo\u017eieho. Pri tejto pr\u00edle\u017eitosti sa v nede\u013eu, 22. okt\u00f3bra 2023, konali sl\u00e1vnostn\u00e9 slu\u017eby Bo\u017eie. Program svojou pies\u0148ou obohatil zborov\u00fd spevokol. O narodenin\u00e1m n\u00e1\u0161ho kostola sa rozpr\u00e1vali aj deti na detskej besiedky. Po tom, ako si vyrobili papierov\u00fd kostol, vst\u00fapili do toho n\u00e1\u0161ho skuto\u010dn\u00e9ho a spozn\u00e1vali [&hellip;]<\/p>\n","protected":false},"author":1,"featured_media":0,"parent":3039,"menu_order":0,"comment_status":"closed","ping_status":"closed","template":"","meta":{"footnotes":""},"class_list":["post-3119","page","type-page","status-publish","hentry"],"_links":{"self":[{"href":"https:\/\/kralovany.ecavlos.sk\/index.php?rest_route=\/wp\/v2\/pages\/3119"}],"collection":[{"href":"https:\/\/kralovany.ecavlos.sk\/index.php?rest_route=\/wp\/v2\/pages"}],"about":[{"href":"https:\/\/kralovany.ecavlos.sk\/index.php?rest_route=\/wp\/v2\/types\/page"}],"author":[{"embeddable":true,"href":"https:\/\/kralovany.ecavlos.sk\/index.php?rest_route=\/wp\/v2\/users\/1"}],"replies":[{"embeddable":true,"href":"https:\/\/kralovany.ecavlos.sk\/index.php?rest_route=%2Fwp%2Fv2%2Fcomments&post=3119"}],"version-history":[{"count":2,"href":"https:\/\/kralovany.ecavlos.sk\/index.php?rest_route=\/wp\/v2\/pages\/3119\/revisions"}],"predecessor-version":[{"id":3127,"href":"https:\/\/kralovany.ecavlos.sk\/index.php?rest_route=\/wp\/v2\/pages\/3119\/revisions\/3127"}],"up":[{"embeddable":true,"href":"https:\/\/kralovany.ecavlos.sk\/index.php?rest_route=\/wp\/v2\/pages\/3039"}],"wp:attachment":[{"href":"https:\/\/kralovany.ecavlos.sk\/index.php?rest_route=%2Fwp%2Fv2%2Fmedia&parent=3119"}],"curies":[{"name":"wp","href":"https:\/\/api.w.org\/{rel}","templated":true}]}}