{"id":550,"date":"2017-07-17T14:20:36","date_gmt":"2017-07-17T12:20:36","guid":{"rendered":"http:\/\/kralovany.ecavlos.sk\/?page_id=550"},"modified":"2017-07-17T14:36:55","modified_gmt":"2017-07-17T12:36:55","slug":"udialo-sa","status":"publish","type":"page","link":"https:\/\/kralovany.ecavlos.sk\/?page_id=550","title":{"rendered":"Udialo sa"},"content":{"rendered":"<p>&nbsp;<\/p>\n<p><span style=\"color: #000000;\">Poz\u00fdvame v\u00e1s nahliadnu\u0165 alebo zaspom\u00edna\u0165 si na jednotliv\u00e9 udalosti v na\u0161om cirkevnom zbore.<\/span><\/p>\n","protected":false},"excerpt":{"rendered":"<p>&nbsp; Poz\u00fdvame v\u00e1s nahliadnu\u0165 alebo zaspom\u00edna\u0165 si na jednotliv\u00e9 udalosti v na\u0161om cirkevnom zbore.<\/p>\n","protected":false},"author":1,"featured_media":0,"parent":0,"menu_order":0,"comment_status":"closed","ping_status":"closed","template":"","meta":{"footnotes":""},"class_list":["post-550","page","type-page","status-publish","hentry"],"_links":{"self":[{"href":"https:\/\/kralovany.ecavlos.sk\/index.php?rest_route=\/wp\/v2\/pages\/550"}],"collection":[{"href":"https:\/\/kralovany.ecavlos.sk\/index.php?rest_route=\/wp\/v2\/pages"}],"about":[{"href":"https:\/\/kralovany.ecavlos.sk\/index.php?rest_route=\/wp\/v2\/types\/page"}],"author":[{"embeddable":true,"href":"https:\/\/kralovany.ecavlos.sk\/index.php?rest_route=\/wp\/v2\/users\/1"}],"replies":[{"embeddable":true,"href":"https:\/\/kralovany.ecavlos.sk\/index.php?rest_route=%2Fwp%2Fv2%2Fcomments&post=550"}],"version-history":[{"count":4,"href":"https:\/\/kralovany.ecavlos.sk\/index.php?rest_route=\/wp\/v2\/pages\/550\/revisions"}],"predecessor-version":[{"id":578,"href":"https:\/\/kralovany.ecavlos.sk\/index.php?rest_route=\/wp\/v2\/pages\/550\/revisions\/578"}],"wp:attachment":[{"href":"https:\/\/kralovany.ecavlos.sk\/index.php?rest_route=%2Fwp%2Fv2%2Fmedia&parent=550"}],"curies":[{"name":"wp","href":"https:\/\/api.w.org\/{rel}","templated":true}]}}